{"id":9438,"date":"2020-09-16T18:12:41","date_gmt":"2020-09-16T16:12:41","guid":{"rendered":"http:\/\/www.archive.splatfilmfest.com\/?page_id=9438"},"modified":"2020-09-16T18:16:45","modified_gmt":"2020-09-16T16:16:45","slug":"program19","status":"publish","type":"page","link":"https:\/\/www.archive.splatfilmfest.com\/index.php\/program19\/","title":{"rendered":"PROGRAM"},"content":{"rendered":"<p>[vc_empty_space][vc_empty_space][vc_empty_space][film_discover style_discover=&#8221;3&#8243; link_to_discover=&#8221;&#8221; small_title=&#8221;Splat!FilmFest 2019&#8243;][\/film_discover][vc_empty_space][vc_empty_space][film_discover style_discover=&#8221;3&#8243; image=&#8221;8005&#8243; link_to_discover=&#8221;&#8221;]<\/p>\n<h2><span style=\"color: #000000;\"><strong>5. edycja Splat!FilmFest \u2013 International Fantastic Film Festival w 2019 roku odbywa si\u0119 w warszawskiej Kinotece (2-8 grudnia) i Centrum Kultury w Lublinie (9-15 grudnia).<\/strong><\/span><\/h2>\n<h2><span style=\"color: #000000;\">Projekt zrealizowany dzi\u0119ki wsparciu Miasta Lublin.<\/span><br \/>\n<span style=\"color: #000000;\">Projekt wsp\u00f3\u0142finansuje Miasto Sto\u0142eczne Warszawa.<\/span><br \/>\n<span style=\"color: #000000;\">Dofinansowano ze \u015brodk\u00f3w Ministra Kultury i Dziedzictwa Narodowego pochodz\u0105cych z Funduszu Promocji Kultury.<\/span><\/h2>\n<h2><span style=\"color: #000000;\">Splat!FilmFest jest cz\u0142onkiem presti\u017cowej <a style=\"color: #000000;\" href=\"http:\/\/melies.org\/\" target=\"_blank\" rel=\"noopener noreferrer\">The M\u00e9li\u00e8s International Festivals Federation<\/a> (dawniej European Fantastic Film Festivals Federation).<\/span><\/h2>\n<h2><\/h2>\n<p><a href=\"https:\/\/melies.org\/\" target=\"_blank\" rel=\"noopener noreferrer\"><img loading=\"lazy\" class=\"aligncenter size-full wp-image-8828\" src=\"http:\/\/www.archive.splatfilmfest.com\/wp-content\/uploads\/2019\/11\/fb34c6f59f3be1993af49979df46281c.jpg\" alt=\"\" width=\"509\" height=\"191\" \/><\/a>[\/film_discover][vc_empty_space][vc_empty_space][vc_video link=&#8221;https:\/\/youtu.be\/q-S9yIs30HQ&#8221; el_width=&#8221;80&#8243; align=&#8221;center&#8221;][vc_column]<\/p>","protected":false},"excerpt":{"rendered":"<p>[vc_empty_space][vc_empty_space][vc_empty_space][film_discover style_discover=&#8221;3&#8243; link_to_discover=&#8221;&#8221; small_title=&#8221;Splat!FilmFest 2019&#8243;][\/film_discover][vc_empty_space][vc_empty_space][film_discover style_discover=&#8221;3&#8243; image=&#8221;8005&#8243; link_to_discover=&#8221;&#8221;] 5. edycja Splat!FilmFest \u2013 International Fantastic Film Festival w 2019 roku odbywa si\u0119 w warszawskiej Kinotece (2-8 grudnia) i Centrum Kultury w Lublinie (9-15 grudnia). Projekt zrealizowany dzi\u0119ki wsparciu Miasta Lublin. Projekt wsp\u00f3\u0142finansuje Miasto Sto\u0142eczne Warszawa. Dofinansowano ze \u015brodk\u00f3w Ministra Kultury i Dziedzictwa Narodowego pochodz\u0105cych z Funduszu Promocji Kultury. Splat!FilmFest jest cz\u0142onkiem presti\u017cowej The M\u00e9li\u00e8s International Festivals Federation (dawniej European Fantastic Film Festivals Federation). [\/film_discover][vc_empty_space][vc_empty_space][vc_video link=&#8221;https:\/\/youtu.be\/q-S9yIs30HQ&#8221; el_width=&#8221;80&#8243; align=&#8221;center&#8221;][vc_column]<\/p>\n","protected":false},"author":1,"featured_media":0,"parent":0,"menu_order":0,"comment_status":"closed","ping_status":"closed","template":"","meta":[],"yoast_head":"<!-- This site is optimized with the Yoast SEO plugin v15.2.1 - https:\/\/yoast.com\/wordpress\/plugins\/seo\/ -->\n<title>PROGRAM  - Splat!FilmFest<\/title>\n<meta name=\"robots\" content=\"index, follow, max-snippet:-1, max-image-preview:large, max-video-preview:-1\" \/>\n<link rel=\"canonical\" href=\"https:\/\/www.archive.splatfilmfest.com\/index.php\/program19\/\" \/>\n<meta property=\"og:locale\" content=\"pl_PL\" \/>\n<meta property=\"og:type\" content=\"article\" \/>\n<meta property=\"og:title\" content=\"[:pl]PROGRAM [:] - Splat!FilmFest\" \/>\n<meta property=\"og:description\" content=\"[vc_empty_space][vc_empty_space][vc_empty_space][film_discover style_discover=&#8221;3&#8243; link_to_discover=&#8221;&#8221; small_title=&#8221;Splat!FilmFest 2019&#8243;][\/film_discover][vc_empty_space][vc_empty_space][film_discover style_discover=&#8221;3&#8243; image=&#8221;8005&#8243; link_to_discover=&#8221;&#8221;] 5. edycja Splat!FilmFest \u2013 International Fantastic Film Festival w 2019 roku odbywa si\u0119 w warszawskiej Kinotece (2-8 grudnia) i Centrum Kultury w Lublinie (9-15 grudnia). Projekt zrealizowany dzi\u0119ki wsparciu Miasta Lublin. Projekt wsp\u00f3\u0142finansuje Miasto Sto\u0142eczne Warszawa. Dofinansowano ze \u015brodk\u00f3w Ministra Kultury i Dziedzictwa Narodowego pochodz\u0105cych z Funduszu Promocji Kultury. Splat!FilmFest jest cz\u0142onkiem presti\u017cowej The M\u00e9li\u00e8s International Festivals Federation (dawniej European Fantastic Film Festivals Federation). [\/film_discover][vc_empty_space][vc_empty_space][vc_video link=&#8221;https:\/\/youtu.be\/q-S9yIs30HQ&#8221; el_width=&#8221;80&#8243; align=&#8221;center&#8221;][vc_column]\" \/>\n<meta property=\"og:url\" content=\"https:\/\/www.archive.splatfilmfest.com\/index.php\/program19\/\" \/>\n<meta property=\"og:site_name\" content=\"Splat!FilmFest\" \/>\n<meta property=\"article:publisher\" content=\"https:\/\/www.facebook.com\/splatfilmfest\" \/>\n<meta property=\"article:modified_time\" content=\"2020-09-16T16:16:45+00:00\" \/>\n<meta property=\"og:image\" content=\"http:\/\/www.splatfilmfest.com\/wp-content\/uploads\/2019\/11\/fb34c6f59f3be1993af49979df46281c.jpg\" \/>\n<meta name=\"twitter:card\" content=\"summary_large_image\" \/>\n<meta name=\"twitter:creator\" content=\"@SplatFilmFest\" \/>\n<meta name=\"twitter:site\" content=\"@SplatFilmFest\" \/>\n<meta name=\"twitter:label1\" content=\"Written by\">\n\t<meta name=\"twitter:data1\" content=\"admin\">\n\t<meta name=\"twitter:label2\" content=\"Est. reading time\">\n\t<meta name=\"twitter:data2\" content=\"1 minuta\">\n<script type=\"application\/ld+json\" class=\"yoast-schema-graph\">{\"@context\":\"https:\/\/schema.org\",\"@graph\":[{\"@type\":\"WebSite\",\"@id\":\"https:\/\/www.archive.splatfilmfest.com\/#website\",\"url\":\"https:\/\/www.archive.splatfilmfest.com\/\",\"name\":\"Splat!FilmFest\",\"description\":\"\",\"potentialAction\":[{\"@type\":\"SearchAction\",\"target\":\"https:\/\/www.archive.splatfilmfest.com\/?s={search_term_string}\",\"query-input\":\"required name=search_term_string\"}],\"inLanguage\":\"pl-PL\"},{\"@type\":\"ImageObject\",\"@id\":\"https:\/\/www.archive.splatfilmfest.com\/index.php\/program19\/#primaryimage\",\"inLanguage\":\"pl-PL\",\"url\":\"http:\/\/www.archive.splatfilmfest.com\/wp-content\/uploads\/2019\/11\/fb34c6f59f3be1993af49979df46281c.jpg\"},{\"@type\":\"WebPage\",\"@id\":\"https:\/\/www.archive.splatfilmfest.com\/index.php\/program19\/#webpage\",\"url\":\"https:\/\/www.archive.splatfilmfest.com\/index.php\/program19\/\",\"name\":\"[:pl]PROGRAM [:] - Splat!FilmFest\",\"isPartOf\":{\"@id\":\"https:\/\/www.archive.splatfilmfest.com\/#website\"},\"primaryImageOfPage\":{\"@id\":\"https:\/\/www.archive.splatfilmfest.com\/index.php\/program19\/#primaryimage\"},\"datePublished\":\"2020-09-16T16:12:41+00:00\",\"dateModified\":\"2020-09-16T16:16:45+00:00\",\"inLanguage\":\"pl-PL\",\"potentialAction\":[{\"@type\":\"ReadAction\",\"target\":[\"https:\/\/www.archive.splatfilmfest.com\/index.php\/program19\/\"]}]}]}<\/script>\n<!-- \/ Yoast SEO plugin. -->","_links":{"self":[{"href":"https:\/\/www.archive.splatfilmfest.com\/index.php\/wp-json\/wp\/v2\/pages\/9438"}],"collection":[{"href":"https:\/\/www.archive.splatfilmfest.com\/index.php\/wp-json\/wp\/v2\/pages"}],"about":[{"href":"https:\/\/www.archive.splatfilmfest.com\/index.php\/wp-json\/wp\/v2\/types\/page"}],"author":[{"embeddable":true,"href":"https:\/\/www.archive.splatfilmfest.com\/index.php\/wp-json\/wp\/v2\/users\/1"}],"replies":[{"embeddable":true,"href":"https:\/\/www.archive.splatfilmfest.com\/index.php\/wp-json\/wp\/v2\/comments?post=9438"}],"version-history":[{"count":6,"href":"https:\/\/www.archive.splatfilmfest.com\/index.php\/wp-json\/wp\/v2\/pages\/9438\/revisions"}],"predecessor-version":[{"id":9445,"href":"https:\/\/www.archive.splatfilmfest.com\/index.php\/wp-json\/wp\/v2\/pages\/9438\/revisions\/9445"}],"wp:attachment":[{"href":"https:\/\/www.archive.splatfilmfest.com\/index.php\/wp-json\/wp\/v2\/media?parent=9438"}],"curies":[{"name":"wp","href":"https:\/\/api.w.org\/{rel}","templated":true}]}}