{"id":8245,"date":"2019-07-30T00:09:20","date_gmt":"2019-07-29T22:09:20","guid":{"rendered":"http:\/\/www.archive.splatfilmfest.com\/?page_id=8245"},"modified":"2020-11-23T14:36:29","modified_gmt":"2020-11-23T13:36:29","slug":"strach-i-terror-2019","status":"publish","type":"page","link":"https:\/\/www.archive.splatfilmfest.com\/index.php\/strach-i-terror-2019\/","title":{"rendered":"STRACH I TERROR 2019"},"content":{"rendered":"<p><\/p>\n<p style=\"text-align: center;\">[vc_row][vc_column][vc_single_image image=&#8221;8107&#8243; img_size=&#8221;full&#8221; alignment=&#8221;center&#8221;][vc_empty_space][vc_column_text]<em><span style=\"color: #000000;\">STRACH I TERROR to sekcja dla widzek i widz\u00f3w o mocnych nerwach. To filmy straszne i czasem brutalne. Znajdziesz tu horrory, thrillery i bezkompromisowe dramaty dla chojrak\u00f3w! Wkr\u00f3tce opublikujemy pozosta\u0142e filmy sekcji.<\/span><br \/>\n<\/em><\/p>\n<p>[\/vc_column_text][vc_empty_space][film_textblock text_small=&#8221;features&#8221; text_big=&#8221;STRACH I TERROR&#8221;][vc_empty_space][\/vc_column][\/vc_row][vc_row][vc_column][vc_empty_space][\/vc_column][\/vc_row][vc_row][vc_column][film_video film_style=&#8221;2&#8243; film_list_id=&#8221;8360, 8430, 8390, 8364, 8341, 8339, 8326, 8330 ,8328, 8338, 8753, 8652&#8243;][\/vc_column][\/vc_row]<\/p>","protected":false},"excerpt":{"rendered":"<p>[vc_row][vc_column][vc_single_image image=&#8221;8107&#8243; img_size=&#8221;full&#8221; alignment=&#8221;center&#8221;][vc_empty_space][vc_column_text]STRACH I TERROR to sekcja dla widzek i widz\u00f3w o mocnych nerwach. To filmy straszne i czasem brutalne. Znajdziesz tu horrory, thrillery i bezkompromisowe dramaty dla chojrak\u00f3w! Wkr\u00f3tce opublikujemy pozosta\u0142e filmy sekcji. [\/vc_column_text][vc_empty_space][film_textblock text_small=&#8221;features&#8221; text_big=&#8221;STRACH I TERROR&#8221;][vc_empty_space][\/vc_column][\/vc_row][vc_row][vc_column][vc_empty_space][\/vc_column][\/vc_row][vc_row][vc_column][film_video film_style=&#8221;2&#8243; film_list_id=&#8221;8360, 8430, 8390, 8364, 8341, 8339, 8326, 8330 ,8328, 8338, 8753, 8652&#8243;][\/vc_column][\/vc_row]<\/p>\n","protected":false},"author":1,"featured_media":9594,"parent":0,"menu_order":0,"comment_status":"closed","ping_status":"closed","template":"","meta":[],"yoast_head":"<!-- This site is optimized with the Yoast SEO plugin v15.2.1 - https:\/\/yoast.com\/wordpress\/plugins\/seo\/ -->\n<title>STRACH I TERROR 2019 - Splat!FilmFest<\/title>\n<meta name=\"robots\" content=\"index, follow, max-snippet:-1, max-image-preview:large, max-video-preview:-1\" \/>\n<link rel=\"canonical\" href=\"https:\/\/www.archive.splatfilmfest.com\/index.php\/strach-i-terror-2019\/\" \/>\n<meta property=\"og:locale\" content=\"pl_PL\" \/>\n<meta property=\"og:type\" content=\"article\" \/>\n<meta property=\"og:title\" content=\"[:pl]STRACH I TERROR 2019[:en]FEAR AND TERROR 2019[:] - Splat!FilmFest\" \/>\n<meta property=\"og:description\" content=\"[vc_row][vc_column][vc_single_image image=&#8221;8107&#8243; img_size=&#8221;full&#8221; alignment=&#8221;center&#8221;][vc_empty_space][vc_column_text]STRACH I TERROR to sekcja dla widzek i widz\u00f3w o mocnych nerwach. To filmy straszne i czasem brutalne. Znajdziesz tu horrory, thrillery i bezkompromisowe dramaty dla chojrak\u00f3w! Wkr\u00f3tce opublikujemy pozosta\u0142e filmy sekcji. [\/vc_column_text][vc_empty_space][film_textblock text_small=&#8221;features&#8221; text_big=&#8221;STRACH I TERROR&#8221;][vc_empty_space][\/vc_column][\/vc_row][vc_row][vc_column][vc_empty_space][\/vc_column][\/vc_row][vc_row][vc_column][film_video film_style=&#8221;2&#8243; film_list_id=&#8221;8360, 8430, 8390, 8364, 8341, 8339, 8326, 8330 ,8328, 8338, 8753, 8652&#8243;][\/vc_column][\/vc_row]\" \/>\n<meta property=\"og:url\" content=\"https:\/\/www.archive.splatfilmfest.com\/index.php\/strach-i-terror-2019\/\" \/>\n<meta property=\"og:site_name\" content=\"Splat!FilmFest\" \/>\n<meta property=\"article:publisher\" content=\"https:\/\/www.facebook.com\/splatfilmfest\" \/>\n<meta property=\"article:modified_time\" content=\"2020-11-23T13:36:29+00:00\" \/>\n<meta property=\"og:image\" content=\"https:\/\/www.archive.splatfilmfest.com\/wp-content\/uploads\/2020\/11\/DINNER-IN-AMERICA-116x916x9-wys-1.jpg\" \/>\n\t<meta property=\"og:image:width\" content=\"1778\" \/>\n\t<meta property=\"og:image:height\" content=\"1000\" \/>\n<meta name=\"twitter:card\" content=\"summary_large_image\" \/>\n<meta name=\"twitter:creator\" content=\"@SplatFilmFest\" \/>\n<meta name=\"twitter:site\" content=\"@SplatFilmFest\" \/>\n<meta name=\"twitter:label1\" content=\"Written by\">\n\t<meta name=\"twitter:data1\" content=\"admin\">\n\t<meta name=\"twitter:label2\" content=\"Est. reading time\">\n\t<meta name=\"twitter:data2\" content=\"1 minuta\">\n<script type=\"application\/ld+json\" class=\"yoast-schema-graph\">{\"@context\":\"https:\/\/schema.org\",\"@graph\":[{\"@type\":\"WebSite\",\"@id\":\"https:\/\/www.archive.splatfilmfest.com\/#website\",\"url\":\"https:\/\/www.archive.splatfilmfest.com\/\",\"name\":\"Splat!FilmFest\",\"description\":\"\",\"potentialAction\":[{\"@type\":\"SearchAction\",\"target\":\"https:\/\/www.archive.splatfilmfest.com\/?s={search_term_string}\",\"query-input\":\"required name=search_term_string\"}],\"inLanguage\":\"pl-PL\"},{\"@type\":\"ImageObject\",\"@id\":\"https:\/\/www.archive.splatfilmfest.com\/index.php\/strach-i-terror-2019\/#primaryimage\",\"inLanguage\":\"pl-PL\",\"url\":\"https:\/\/www.archive.splatfilmfest.com\/wp-content\/uploads\/2020\/11\/DINNER-IN-AMERICA-116x916x9-wys-1.jpg\",\"width\":1778,\"height\":1000},{\"@type\":\"WebPage\",\"@id\":\"https:\/\/www.archive.splatfilmfest.com\/index.php\/strach-i-terror-2019\/#webpage\",\"url\":\"https:\/\/www.archive.splatfilmfest.com\/index.php\/strach-i-terror-2019\/\",\"name\":\"[:pl]STRACH I TERROR 2019[:en]FEAR AND TERROR 2019[:] - Splat!FilmFest\",\"isPartOf\":{\"@id\":\"https:\/\/www.archive.splatfilmfest.com\/#website\"},\"primaryImageOfPage\":{\"@id\":\"https:\/\/www.archive.splatfilmfest.com\/index.php\/strach-i-terror-2019\/#primaryimage\"},\"datePublished\":\"2019-07-29T22:09:20+00:00\",\"dateModified\":\"2020-11-23T13:36:29+00:00\",\"inLanguage\":\"pl-PL\",\"potentialAction\":[{\"@type\":\"ReadAction\",\"target\":[\"https:\/\/www.archive.splatfilmfest.com\/index.php\/strach-i-terror-2019\/\"]}]}]}<\/script>\n<!-- \/ Yoast SEO plugin. -->","_links":{"self":[{"href":"https:\/\/www.archive.splatfilmfest.com\/index.php\/wp-json\/wp\/v2\/pages\/8245"}],"collection":[{"href":"https:\/\/www.archive.splatfilmfest.com\/index.php\/wp-json\/wp\/v2\/pages"}],"about":[{"href":"https:\/\/www.archive.splatfilmfest.com\/index.php\/wp-json\/wp\/v2\/types\/page"}],"author":[{"embeddable":true,"href":"https:\/\/www.archive.splatfilmfest.com\/index.php\/wp-json\/wp\/v2\/users\/1"}],"replies":[{"embeddable":true,"href":"https:\/\/www.archive.splatfilmfest.com\/index.php\/wp-json\/wp\/v2\/comments?post=8245"}],"version-history":[{"count":32,"href":"https:\/\/www.archive.splatfilmfest.com\/index.php\/wp-json\/wp\/v2\/pages\/8245\/revisions"}],"predecessor-version":[{"id":10319,"href":"https:\/\/www.archive.splatfilmfest.com\/index.php\/wp-json\/wp\/v2\/pages\/8245\/revisions\/10319"}],"wp:featuredmedia":[{"embeddable":true,"href":"https:\/\/www.archive.splatfilmfest.com\/index.php\/wp-json\/wp\/v2\/media\/9594"}],"wp:attachment":[{"href":"https:\/\/www.archive.splatfilmfest.com\/index.php\/wp-json\/wp\/v2\/media?parent=8245"}],"curies":[{"name":"wp","href":"https:\/\/api.w.org\/{rel}","templated":true}]}}