{"id":6754,"date":"2018-10-24T16:29:18","date_gmt":"2018-10-24T14:29:18","guid":{"rendered":"http:\/\/www.archive.splatfilmfest.com\/?page_id=6754"},"modified":"2018-11-22T11:49:04","modified_gmt":"2018-11-22T10:49:04","slug":"program-warszawa","status":"publish","type":"page","link":"https:\/\/www.archive.splatfilmfest.com\/index.php\/program-warszawa\/","title":{"rendered":"PROGRAM WARSZAWA"},"content":{"rendered":"<p>[vc_row css=&#8221;.vc_custom_1541148970630{border-radius: 35px !important;}&#8221;][vc_column css=&#8221;.vc_custom_1541148860202{border-top-width: 10px !important;border-right-width: 10px !important;border-left-width: 10px !important;padding-bottom: 10px !important;}&#8221;][vc_column_text css=&#8221;.vc_custom_1541148920813{background-color: #b58f29 !important;border-radius: 10px !important;}&#8221;]<\/p>\n<h1 style=\"text-align: left; padding-left: 210px;\"><\/h1>\n<h1 style=\"text-align: left; padding-left: 210px;\"><span style=\"color: #000000;\">HARMONOGRAM Splat!FilmFest 4<\/span><br \/>\n<span style=\"color: #000000;\">5 \u2013 9 grudnia 2018<\/span><\/h1>\n<h1 style=\"text-align: left; padding-left: 210px;\"><span style=\"color: #000000;\">WARSZAWA (Kinoteka, Pa\u0142ac Kultury i Nauki, plac Defilad 1)<\/span><\/h1>\n<p style=\"padding-left: 210px;\"><span style=\"color: #000000;\">harmonogram do pobrania: <span style=\"color: #800080;\"><a style=\"color: #800080;\" href=\"http:\/\/www.archive.splatfilmfest.com\/wp-content\/uploads\/2018\/10\/Harmonogram-SplatFilmFest-WARSZAWA.pdf\" target=\"_blank\">tutaj<\/a><\/span><\/span><\/p>\n<p style=\"padding-left: 210px;\"><span style=\"color: #000000;\">katalog do pobrania: <span style=\"color: #800080;\"><a style=\"color: #800080;\" href=\"http:\/\/www.archive.splatfilmfest.com\/wp-content\/uploads\/2018\/10\/Katalog-SplatFilmFest-2018.pdf\" target=\"_blank\">tutaj<\/a><\/span><\/span><\/p>\n<blockquote>\n<h2 style=\"text-align: left; padding-left: 270px;\">\u00a0<strong><span style=\"color: #000000;\">05.12 \/ \u015aRODA \/<\/span><\/strong><\/h2>\n<h2 style=\"text-align: left; padding-left: 180px;\"><span style=\"color: #000000;\">SALA 1:<\/span><br \/>\n<span style=\"color: #000000;\">godz. 19: 00 \u2013 21:10 &#8211; <a href=\"http:\/\/www.archive.splatfilmfest.com\/index.php\/film\/wiatr-2\/\" target=\"_blank\">Wiatr<\/a> (otwarcie festiwalu)<\/span><br \/>\n<span style=\"color: #000000;\">godz. 21:30 \u2013 23:10 &#8211; <a href=\"http:\/\/www.archive.splatfilmfest.com\/index.php\/film\/halloween\/\" target=\"_blank\">Halloween<\/a> (film z lektorem <a href=\"http:\/\/www.archive.splatfilmfest.com\/index.php\/film\/maciej-gudowski\/\" target=\"_blank\">Maciejem Gudowskim<\/a> na \u017cywo)<br \/>\n<\/span><\/h2>\n<p>&nbsp;<\/p>\n<h2 style=\"text-align: left; padding-left: 270px;\"><strong><span style=\"color: #000000;\">06.12 \/ CZWARTEK \/<\/span><\/strong><\/h2>\n<h2 style=\"text-align: left; padding-left: 180px;\"><span style=\"color: #000000;\">SALA 1:<\/span><br \/>\n<span style=\"color: #000000;\">godz. 18:00 \u2013 19:40 &#8211; <a href=\"http:\/\/www.archive.splatfilmfest.com\/index.php\/film\/diamantino\/\" target=\"_blank\">Diamantino<\/a><\/span><br \/>\n<span style=\"color: #000000;\">godz. 20:00 \u2013 22:00 &#8211; <a href=\"http:\/\/www.archive.splatfilmfest.com\/index.php\/film\/wladcy-chaosu\/\" target=\"_blank\">W\u0142adcy chaosu<\/a><\/span><br \/>\n<span style=\"color: #000000;\">godz. 22:15 \u2013 23:55 &#8211; <a href=\"http:\/\/www.archive.splatfilmfest.com\/index.php\/film\/pyewacket\/\" target=\"_blank\">Pyewacket<\/a><\/span><\/h2>\n<h2 style=\"text-align: left; padding-left: 180px;\"><span style=\"color: #000000;\">SALA 2:<\/span><br \/>\n<span style=\"color: #000000;\">godz. 18:30 \u2013 19:50 &#8211; <a href=\"http:\/\/www.archive.splatfilmfest.com\/index.php\/film\/mam-cie-na-oku\/\" target=\"_blank\">Mam ci\u0119 na oku<\/a><\/span><br \/>\n<span style=\"color: #000000;\">godz. 20:10 \u2013 21:50 &#8211; <a href=\"http:\/\/www.archive.splatfilmfest.com\/index.php\/film\/biurowa-rebelia\/\" target=\"_blank\">Biurowa rebelia<\/a><\/span><\/h2>\n<p>&nbsp;<\/p>\n<h2 style=\"text-align: left; padding-left: 270px;\"><span style=\"color: #000000;\"><strong>07.12 \/ PI\u0104TEK \/<\/strong> <\/span><\/h2>\n<h2 style=\"text-align: left; padding-left: 180px;\"><span style=\"color: #000000;\">SALA 6:<\/span><br \/>\n<span style=\"color: #000000;\">godz. 15:50 \u2013\u00a0 16:50 \u2013 <a href=\"http:\/\/www.archive.splatfilmfest.com\/index.php\/film\/slashery-czy-zostala-jeszcze-historia-do-opowiedzenia\/\" target=\"_blank\">Wyk\u0142ad: Slashery &#8211; czy zosta\u0142a jeszcze historia do opowiedzenia?<\/a> * (tylko w Warszawie)<\/span><\/h2>\n<h2 style=\"text-align: left; padding-left: 180px;\"><span style=\"color: #000000;\">SALA 1:<\/span><br \/>\n<span style=\"color: #000000;\">godz. 17:00 \u2013 19:20 &#8211; <a href=\"http:\/\/www.archive.splatfilmfest.com\/index.php\/film\/hagazussa\/\" target=\"_blank\">Hagazussa<\/a> + Q&amp;A <a href=\"http:\/\/www.archive.splatfilmfest.com\/index.php\/film\/lukas-feigelfeld\/\" target=\"_blank\">Lukas Feigelfeld<\/a> i <a href=\"http:\/\/www.archive.splatfilmfest.com\/index.php\/film\/aleksandra-cwen\/\" target=\"_blank\">Aleksandra Cwen<\/a> (Q&amp;A tylko w Warszawie)<\/span><br \/>\n<span style=\"color: #000000;\">godz. 19:40 \u2013 22:10 &#8211; <a href=\"http:\/\/www.archive.splatfilmfest.com\/index.php\/film\/toksyczny-msciciel\/\" target=\"_blank\">Toksyczny m\u015bciciel<\/a> + Q&amp;A z re\u017cyserem <a href=\"http:\/\/www.archive.splatfilmfest.com\/index.php\/film\/lloyd-kaufman\/\" target=\"_blank\">Lloydem Kaufmanem <\/a>i <a href=\"http:\/\/www.archive.splatfilmfest.com\/index.php\/film\/patswinneykaufman\/\" target=\"_blank\">Pat Swinney Kaufman<\/a> (spotkanie tylko w Warszawie)<\/span><br \/>\n<span style=\"color: #000000;\">godz. 22:30 \u2013 00:30 &#8211; <a href=\"http:\/\/www.archive.splatfilmfest.com\/index.php\/film\/noz-serce\/\" target=\"_blank\">N\u00f3\u017c + Serce<\/a><\/span><\/h2>\n<h2 style=\"text-align: left; padding-left: 180px;\"><span style=\"color: #000000;\">SALA 2:<\/span><br \/>\n<span style=\"color: #000000;\">godz. 18:00 \u2013 19:55 &#8211; <a href=\"http:\/\/www.archive.splatfilmfest.com\/index.php\/film\/lato-84\/\" target=\"_blank\">Lato &#8217;84<\/a><\/span><br \/>\n<span style=\"color: #000000;\">godz. 20:15 \u2013 21:35 &#8211; <a href=\"http:\/\/www.archive.splatfilmfest.com\/index.php\/film\/luz\/\" target=\"_blank\">Luz<\/a><\/span><br \/>\n<span style=\"color: #000000;\">godz. 22:00 \u2013 23:30 &#8211; <a href=\"http:\/\/www.archive.splatfilmfest.com\/index.php\/film\/tygrysy-sie-nie-boja\/\" target=\"_blank\">Tygrysy si\u0119 nie boj\u0105<\/a><\/span><\/h2>\n<h2 style=\"text-align: left; padding-left: 180px;\"><span style=\"color: #000000;\"><br \/>\n<\/span><\/h2>\n<h2 style=\"text-align: left; padding-left: 270px;\"><span style=\"color: #000000;\"><strong>08.12 \/ SOBOTA \/<\/strong> <\/span><\/h2>\n<h2 style=\"text-align: left; padding-left: 180px;\"><span style=\"color: #000000;\">SALA 6:<\/span><br \/>\n<span style=\"color: #000000;\">godz. 12:00 \u2013 17:00 \u2013\u00a0 <a href=\"http:\/\/www.archive.splatfilmfest.com\/index.php\/film\/troma\/\" target=\"_blank\">Masterclass: Make your own damn movie<\/a>, z <a href=\"http:\/\/www.archive.splatfilmfest.com\/index.php\/film\/lloyd-kaufman\/\" target=\"_blank\">Lloydem Kaufmanem<\/a> (tylko w Warszawie)<\/span><\/h2>\n<h2 style=\"text-align: left; padding-left: 180px;\"><span style=\"color: #000000;\">SALA 2:<\/span><br \/>\n<span style=\"color: #000000;\">godz. 16:00 \u2013 17:25 &#8211; <a href=\"http:\/\/www.archive.splatfilmfest.com\/index.php\/film\/wilczy-dom\/\" target=\"_blank\">Wilczy dom<\/a><\/span><br \/>\n<span style=\"color: #000000;\">godz. 17:40 \u2013 19:20 &#8211; <a href=\"http:\/\/www.archive.splatfilmfest.com\/index.php\/film\/zabojczy-bog\/\" target=\"_blank\">Zab\u00f3jczy B\u00f3g<\/a><\/span><br \/>\n<span style=\"color: #000000;\">godz. 19:40 \u2013 21:20 &#8211;<a href=\"http:\/\/www.archive.splatfilmfest.com\/index.php\/film\/relaxer\/\" target=\"_blank\"> Relaxer<\/a><\/span><br \/>\n<span style=\"color: #000000;\">godz. 21:40 \u2013 23:15 &#8211; <a href=\"http:\/\/www.archive.splatfilmfest.com\/index.php\/film\/napromieniowana-klasa\/\" target=\"_blank\">Napromieniowana klasa <\/a>(tylko w Warszawie)<\/span><\/h2>\n<h2 style=\"text-align: left; padding-left: 180px;\"><span style=\"color: #000000;\">SALA 1:<\/span><br \/>\n<span style=\"color: #000000;\">godz. 18:00 \u2013 20:10 \u2013 <a href=\"http:\/\/www.archive.splatfilmfest.com\/index.php\/film\/wilkolak\/\" target=\"_blank\">Wilko\u0142ak<\/a> + Q&amp;A z <a href=\"http:\/\/www.archive.splatfilmfest.com\/index.php\/film\/adrian-panek-i-tworcy-wilkolaka\/\" target=\"_blank\">Adrianem Pankiem i Dominikiem Danilczykiem<\/a> (Q&amp;A tylko w Warszawie)<\/span><br \/>\n<span style=\"color: #000000;\">godz. 20:30 \u2013 22:30 &#8211; <a href=\"http:\/\/www.archive.splatfilmfest.com\/index.php\/film\/dachra\/\" target=\"_blank\">Dachra<\/a><\/span><br \/>\n<span style=\"color: #000000;\">godz. 22:45 \u2013 00:15 &#8211; <a href=\"http:\/\/www.archive.splatfilmfest.com\/index.php\/film\/glowica\/\" target=\"_blank\">G\u0142owica<\/a><\/span><\/h2>\n<p>&nbsp;<\/p>\n<h2 style=\"text-align: left; padding-left: 270px;\"><strong><span style=\"color: #000000;\">09.12 \/ NIEDZIELA \/<\/span><\/strong><\/h2>\n<h2 style=\"text-align: left; padding-left: 180px;\"><span style=\"color: #000000;\">SALA 6:<\/span><br \/>\n<span style=\"color: #000000;\">godz. 14:00 \u2013 15:00 &#8211; <a href=\"http:\/\/www.archive.splatfilmfest.com\/index.php\/film\/dlaczego-swiat-powinien-kochac-trome-nawet-jesli-sie-boi\/\" target=\"_blank\">Panel: Dlaczego \u015bwiat powinien kocha\u0107 Trom\u0119, nawet je\u015bli si\u0119 boi?\u00a0 <\/a>*\u00a0 (tylko w Warszawie)<\/span><\/h2>\n<h2 style=\"text-align: left; padding-left: 180px;\"><span style=\"color: #000000;\">SALA 2:<\/span><br \/>\n<span style=\"color: #000000;\">godz. 15:30 \u2013 17:00 &#8211; <a href=\"http:\/\/www.archive.splatfilmfest.com\/index.php\/film\/piercing\/\" target=\"_blank\">Piercing<\/a><\/span><br \/>\n<span style=\"color: #000000;\">godz. 17:15 \u2013 18:50 &#8211; <a href=\"http:\/\/www.archive.splatfilmfest.com\/index.php\/film\/hex\/\" target=\"_blank\">Hex<\/a><\/span><br \/>\n<span style=\"color: #000000;\">godz. 19:15 \u2013 21:20 &#8211; <a href=\"http:\/\/www.archive.splatfilmfest.com\/index.php\/film\/terror-firmer\/\" target=\"_blank\">Terror Firmer <\/a>(tylko w Warszawie)<\/span><\/h2>\n<h2 style=\"text-align: left; padding-left: 180px;\"><span style=\"color: #000000;\">SALA 1:<\/span><br \/>\n<span style=\"color: #000000;\">godz. 16:40 &#8211; 18:40 \u2013 <a href=\"http:\/\/www.archive.splatfilmfest.com\/index.php\/film\/najlepsi-przyjaciele-vol-1\/\" target=\"_blank\">Najlepsi przyjaciele Vol.1<\/a><\/span><br \/>\n<span style=\"color: #000000;\">godz. 19:00 \u2013 21:10 &#8211; <a href=\"http:\/\/www.archive.splatfilmfest.com\/index.php\/film\/najlepsi-przyjaciele-vol-2\/\" target=\"_blank\">Najlepsi przyjaciele Vol.2<\/a><\/span><br \/>\n<span style=\"color: #000000;\">godz. 21:30 \u2013 23:20 &#8211; <a href=\"http:\/\/www.archive.splatfilmfest.com\/index.php\/film\/odglosy\/\" target=\"_blank\">Suspiria (1977)<\/a><br \/>\n<\/span><\/h2>\n<h2 style=\"text-align: left; padding-left: 180px;\"><span style=\"color: #000000;\">\u00a0<\/span><\/h2>\n<h2 style=\"text-align: left; padding-left: 180px;\"><span style=\"color: #000000;\"><br \/>\n<\/span><\/h2>\n<h2 style=\"text-align: left;\"><\/h2>\n<h2 style=\"text-align: left;\"><span style=\"color: #000000;\">* WST\u0118P BEZP\u0141ATNY NA WYDARZENIA OZNACZONE GWIAZDK\u0104<\/span><\/h2>\n<\/blockquote>\n<h1 style=\"text-align: center;\"><span style=\"color: #000000;\">\u00a0<\/span><\/h1>\n<p>[\/vc_column_text][\/vc_column][\/vc_row]<\/p>","protected":false},"excerpt":{"rendered":"<p>[vc_row css=&#8221;.vc_custom_1541148970630{border-radius: 35px !important;}&#8221;][vc_column css=&#8221;.vc_custom_1541148860202{border-top-width: 10px !important;border-right-width: 10px !important;border-left-width: 10px !important;padding-bottom: 10px !important;}&#8221;][vc_column_text css=&#8221;.vc_custom_1541148920813{background-color: #b58f29 !important;border-radius: 10px !important;}&#8221;] HARMONOGRAM Splat!FilmFest 4 5 \u2013 9 grudnia 2018 WARSZAWA (Kinoteka, Pa\u0142ac Kultury i Nauki, plac Defilad 1) harmonogram do pobrania: tutaj katalog do pobrania: tutaj \u00a005.12 \/ \u015aRODA \/ SALA 1: godz. 19: 00 \u2013 21:10 &#8211; Wiatr (otwarcie festiwalu) godz. 21:30 \u2013 23:10 &#8211; Halloween (film z lektorem Maciejem Gudowskim na \u017cywo) &nbsp; 06.12 \/ CZWARTEK \/ SALA 1: godz. 18:00 \u2013 19:40 &#8211; Diamantino godz. 20:00 \u2013 22:00 &#8211; W\u0142adcy chaosu godz. 22:15 \u2013 23:55 &#8211; Pyewacket SALA 2: godz. 18:30 \u2013 19:50 &#8211; Mam ci\u0119 na oku godz. 20:10 [&hellip;]<\/p>\n","protected":false},"author":1,"featured_media":6723,"parent":0,"menu_order":0,"comment_status":"closed","ping_status":"closed","template":"template-nonesidebar.php","meta":[],"yoast_head":"<!-- This site is optimized with the Yoast SEO plugin v15.2.1 - https:\/\/yoast.com\/wordpress\/plugins\/seo\/ -->\n<title>PROGRAM WARSZAWA - Splat!FilmFest<\/title>\n<meta name=\"robots\" content=\"index, follow, max-snippet:-1, max-image-preview:large, max-video-preview:-1\" \/>\n<link rel=\"canonical\" href=\"https:\/\/www.archive.splatfilmfest.com\/index.php\/program-warszawa\/\" \/>\n<meta property=\"og:locale\" content=\"pl_PL\" \/>\n<meta property=\"og:type\" content=\"article\" \/>\n<meta property=\"og:title\" content=\"[:pl]PROGRAM WARSZAWA[:en]PROGRAM WARSAW[:] - Splat!FilmFest\" \/>\n<meta property=\"og:description\" content=\"[vc_row css=&#8221;.vc_custom_1541148970630{border-radius: 35px !important;}&#8221;][vc_column css=&#8221;.vc_custom_1541148860202{border-top-width: 10px !important;border-right-width: 10px !important;border-left-width: 10px !important;padding-bottom: 10px !important;}&#8221;][vc_column_text css=&#8221;.vc_custom_1541148920813{background-color: #b58f29 !important;border-radius: 10px !important;}&#8221;] HARMONOGRAM Splat!FilmFest 4 5 \u2013 9 grudnia 2018 WARSZAWA (Kinoteka, Pa\u0142ac Kultury i Nauki, plac Defilad 1) harmonogram do pobrania: tutaj katalog do pobrania: tutaj \u00a005.12 \/ \u015aRODA \/ SALA 1: godz. 19: 00 \u2013 21:10 &#8211; Wiatr (otwarcie festiwalu) godz. 21:30 \u2013 23:10 &#8211; Halloween (film z lektorem Maciejem Gudowskim na \u017cywo) &nbsp; 06.12 \/ CZWARTEK \/ SALA 1: godz. 18:00 \u2013 19:40 &#8211; Diamantino godz. 20:00 \u2013 22:00 &#8211; W\u0142adcy chaosu godz. 22:15 \u2013 23:55 &#8211; Pyewacket SALA 2: godz. 18:30 \u2013 19:50 &#8211; Mam ci\u0119 na oku godz. 20:10 [&hellip;]\" \/>\n<meta property=\"og:url\" content=\"https:\/\/www.archive.splatfilmfest.com\/index.php\/program-warszawa\/\" \/>\n<meta property=\"og:site_name\" content=\"Splat!FilmFest\" \/>\n<meta property=\"article:publisher\" content=\"https:\/\/www.facebook.com\/splatfilmfest\" \/>\n<meta property=\"article:modified_time\" content=\"2018-11-22T10:49:04+00:00\" \/>\n<meta property=\"og:image\" content=\"https:\/\/www.archive.splatfilmfest.com\/wp-content\/uploads\/2018\/10\/Knife-heart-INT6.jpg\" \/>\n\t<meta property=\"og:image:width\" content=\"1000\" \/>\n\t<meta property=\"og:image:height\" content=\"562\" \/>\n<meta name=\"twitter:card\" content=\"summary_large_image\" \/>\n<meta name=\"twitter:creator\" content=\"@SplatFilmFest\" \/>\n<meta name=\"twitter:site\" content=\"@SplatFilmFest\" \/>\n<meta name=\"twitter:label1\" content=\"Written by\">\n\t<meta name=\"twitter:data1\" content=\"admin\">\n\t<meta name=\"twitter:label2\" content=\"Est. reading time\">\n\t<meta name=\"twitter:data2\" content=\"3 minuty\">\n<script type=\"application\/ld+json\" class=\"yoast-schema-graph\">{\"@context\":\"https:\/\/schema.org\",\"@graph\":[{\"@type\":\"WebSite\",\"@id\":\"https:\/\/www.archive.splatfilmfest.com\/#website\",\"url\":\"https:\/\/www.archive.splatfilmfest.com\/\",\"name\":\"Splat!FilmFest\",\"description\":\"\",\"potentialAction\":[{\"@type\":\"SearchAction\",\"target\":\"https:\/\/www.archive.splatfilmfest.com\/?s={search_term_string}\",\"query-input\":\"required name=search_term_string\"}],\"inLanguage\":\"pl-PL\"},{\"@type\":\"ImageObject\",\"@id\":\"https:\/\/www.archive.splatfilmfest.com\/index.php\/program-warszawa\/#primaryimage\",\"inLanguage\":\"pl-PL\",\"url\":\"https:\/\/www.archive.splatfilmfest.com\/wp-content\/uploads\/2018\/10\/Knife-heart-INT6.jpg\",\"width\":1000,\"height\":562},{\"@type\":\"WebPage\",\"@id\":\"https:\/\/www.archive.splatfilmfest.com\/index.php\/program-warszawa\/#webpage\",\"url\":\"https:\/\/www.archive.splatfilmfest.com\/index.php\/program-warszawa\/\",\"name\":\"[:pl]PROGRAM WARSZAWA[:en]PROGRAM WARSAW[:] - Splat!FilmFest\",\"isPartOf\":{\"@id\":\"https:\/\/www.archive.splatfilmfest.com\/#website\"},\"primaryImageOfPage\":{\"@id\":\"https:\/\/www.archive.splatfilmfest.com\/index.php\/program-warszawa\/#primaryimage\"},\"datePublished\":\"2018-10-24T14:29:18+00:00\",\"dateModified\":\"2018-11-22T10:49:04+00:00\",\"inLanguage\":\"pl-PL\",\"potentialAction\":[{\"@type\":\"ReadAction\",\"target\":[\"https:\/\/www.archive.splatfilmfest.com\/index.php\/program-warszawa\/\"]}]}]}<\/script>\n<!-- \/ Yoast SEO plugin. -->","_links":{"self":[{"href":"https:\/\/www.archive.splatfilmfest.com\/index.php\/wp-json\/wp\/v2\/pages\/6754"}],"collection":[{"href":"https:\/\/www.archive.splatfilmfest.com\/index.php\/wp-json\/wp\/v2\/pages"}],"about":[{"href":"https:\/\/www.archive.splatfilmfest.com\/index.php\/wp-json\/wp\/v2\/types\/page"}],"author":[{"embeddable":true,"href":"https:\/\/www.archive.splatfilmfest.com\/index.php\/wp-json\/wp\/v2\/users\/1"}],"replies":[{"embeddable":true,"href":"https:\/\/www.archive.splatfilmfest.com\/index.php\/wp-json\/wp\/v2\/comments?post=6754"}],"version-history":[{"count":42,"href":"https:\/\/www.archive.splatfilmfest.com\/index.php\/wp-json\/wp\/v2\/pages\/6754\/revisions"}],"predecessor-version":[{"id":7735,"href":"https:\/\/www.archive.splatfilmfest.com\/index.php\/wp-json\/wp\/v2\/pages\/6754\/revisions\/7735"}],"wp:featuredmedia":[{"embeddable":true,"href":"https:\/\/www.archive.splatfilmfest.com\/index.php\/wp-json\/wp\/v2\/media\/6723"}],"wp:attachment":[{"href":"https:\/\/www.archive.splatfilmfest.com\/index.php\/wp-json\/wp\/v2\/media?parent=6754"}],"curies":[{"name":"wp","href":"https:\/\/api.w.org\/{rel}","templated":true}]}}