{"id":3556,"date":"2016-08-13T08:47:48","date_gmt":"2016-08-13T06:47:48","guid":{"rendered":"http:\/\/www.archive.splatfilmfest.com\/?page_id=3556"},"modified":"2017-08-21T19:45:19","modified_gmt":"2017-08-21T17:45:19","slug":"filmy-pelnometrazowe","status":"publish","type":"page","link":"https:\/\/www.archive.splatfilmfest.com\/index.php\/program2016\/filmy-pelnometrazowe\/","title":{"rendered":"Filmy Pe\u0142nometra\u017cowe"},"content":{"rendered":"<p>[vc_row css=&#8221;.vc_custom_1471070267383{margin-bottom: 100px !important;}&#8221;][vc_column][film_textblock text_big=&#8221;Filmy Pe\u0142nometra\u017cowe&#8221; text_small=&#8221;pe\u0142nometra\u017cowe&#8221;][\/vc_column][\/vc_row][vc_row][vc_column][film_video film_style=&#8221;1&#8243; film_list_id=&#8221;3393,3386,3384,3374,3364,3361,3358,3355,3353,3351,3181,3165,3762,2980,2962,2958,2945,2939,2923,2912,3765,3768,3772,3774,3776,3780,3782,3785,3787,3790,3794,3797,3806,3809,3811,3818,3820,3831&#8243;][\/vc_column][\/vc_row]<\/p>","protected":false},"excerpt":{"rendered":"<p>[vc_row css=&#8221;.vc_custom_1471070267383{margin-bottom: 100px !important;}&#8221;][vc_column][film_textblock text_big=&#8221;Filmy Pe\u0142nometra\u017cowe&#8221; text_small=&#8221;pe\u0142nometra\u017cowe&#8221;][\/vc_column][\/vc_row][vc_row][vc_column][film_video film_style=&#8221;1&#8243; film_list_id=&#8221;3393,3386,3384,3374,3364,3361,3358,3355,3353,3351,3181,3165,3762,2980,2962,2958,2945,2939,2923,2912,3765,3768,3772,3774,3776,3780,3782,3785,3787,3790,3794,3797,3806,3809,3811,3818,3820,3831&#8243;][\/vc_column][\/vc_row]<\/p>\n","protected":false},"author":2,"featured_media":0,"parent":324,"menu_order":0,"comment_status":"closed","ping_status":"closed","template":"template-nonesidebar.php","meta":[],"yoast_head":"<!-- This site is optimized with the Yoast SEO plugin v15.2.1 - https:\/\/yoast.com\/wordpress\/plugins\/seo\/ -->\n<title>Filmy Pe\u0142nometra\u017cowe - Splat!FilmFest<\/title>\n<meta name=\"robots\" content=\"index, follow, max-snippet:-1, max-image-preview:large, max-video-preview:-1\" \/>\n<link rel=\"canonical\" href=\"https:\/\/www.archive.splatfilmfest.com\/index.php\/program2016\/filmy-pelnometrazowe\/\" \/>\n<meta property=\"og:locale\" content=\"pl_PL\" \/>\n<meta property=\"og:type\" content=\"article\" \/>\n<meta property=\"og:title\" content=\"[:pl]Filmy Pe\u0142nometra\u017cowe[:en]Filmy Pe\u0142nometrazowe[:] - Splat!FilmFest\" \/>\n<meta property=\"og:description\" content=\"[vc_row css=&#8221;.vc_custom_1471070267383{margin-bottom: 100px !important;}&#8221;][vc_column][film_textblock text_big=&#8221;Filmy Pe\u0142nometra\u017cowe&#8221; text_small=&#8221;pe\u0142nometra\u017cowe&#8221;][\/vc_column][\/vc_row][vc_row][vc_column][film_video film_style=&#8221;1&#8243; film_list_id=&#8221;3393,3386,3384,3374,3364,3361,3358,3355,3353,3351,3181,3165,3762,2980,2962,2958,2945,2939,2923,2912,3765,3768,3772,3774,3776,3780,3782,3785,3787,3790,3794,3797,3806,3809,3811,3818,3820,3831&#8243;][\/vc_column][\/vc_row]\" \/>\n<meta property=\"og:url\" content=\"https:\/\/www.archive.splatfilmfest.com\/index.php\/program2016\/filmy-pelnometrazowe\/\" \/>\n<meta property=\"og:site_name\" content=\"Splat!FilmFest\" \/>\n<meta property=\"article:publisher\" content=\"https:\/\/www.facebook.com\/splatfilmfest\" \/>\n<meta property=\"article:modified_time\" content=\"2017-08-21T17:45:19+00:00\" \/>\n<meta name=\"twitter:card\" content=\"summary_large_image\" \/>\n<meta name=\"twitter:creator\" content=\"@SplatFilmFest\" \/>\n<meta name=\"twitter:site\" content=\"@SplatFilmFest\" \/>\n<meta name=\"twitter:label1\" content=\"Written by\">\n\t<meta name=\"twitter:data1\" content=\"Micha\u0142 Korba\">\n\t<meta name=\"twitter:label2\" content=\"Est. reading time\">\n\t<meta name=\"twitter:data2\" content=\"0 minut\">\n<script type=\"application\/ld+json\" class=\"yoast-schema-graph\">{\"@context\":\"https:\/\/schema.org\",\"@graph\":[{\"@type\":\"WebSite\",\"@id\":\"https:\/\/www.archive.splatfilmfest.com\/#website\",\"url\":\"https:\/\/www.archive.splatfilmfest.com\/\",\"name\":\"Splat!FilmFest\",\"description\":\"\",\"potentialAction\":[{\"@type\":\"SearchAction\",\"target\":\"https:\/\/www.archive.splatfilmfest.com\/?s={search_term_string}\",\"query-input\":\"required name=search_term_string\"}],\"inLanguage\":\"pl-PL\"},{\"@type\":\"WebPage\",\"@id\":\"https:\/\/www.archive.splatfilmfest.com\/index.php\/program2016\/filmy-pelnometrazowe\/#webpage\",\"url\":\"https:\/\/www.archive.splatfilmfest.com\/index.php\/program2016\/filmy-pelnometrazowe\/\",\"name\":\"[:pl]Filmy Pe\\u0142nometra\\u017cowe[:en]Filmy Pe\\u0142nometrazowe[:] - Splat!FilmFest\",\"isPartOf\":{\"@id\":\"https:\/\/www.archive.splatfilmfest.com\/#website\"},\"datePublished\":\"2016-08-13T06:47:48+00:00\",\"dateModified\":\"2017-08-21T17:45:19+00:00\",\"inLanguage\":\"pl-PL\",\"potentialAction\":[{\"@type\":\"ReadAction\",\"target\":[\"https:\/\/www.archive.splatfilmfest.com\/index.php\/program2016\/filmy-pelnometrazowe\/\"]}]}]}<\/script>\n<!-- \/ Yoast SEO plugin. -->","_links":{"self":[{"href":"https:\/\/www.archive.splatfilmfest.com\/index.php\/wp-json\/wp\/v2\/pages\/3556"}],"collection":[{"href":"https:\/\/www.archive.splatfilmfest.com\/index.php\/wp-json\/wp\/v2\/pages"}],"about":[{"href":"https:\/\/www.archive.splatfilmfest.com\/index.php\/wp-json\/wp\/v2\/types\/page"}],"author":[{"embeddable":true,"href":"https:\/\/www.archive.splatfilmfest.com\/index.php\/wp-json\/wp\/v2\/users\/2"}],"replies":[{"embeddable":true,"href":"https:\/\/www.archive.splatfilmfest.com\/index.php\/wp-json\/wp\/v2\/comments?post=3556"}],"version-history":[{"count":37,"href":"https:\/\/www.archive.splatfilmfest.com\/index.php\/wp-json\/wp\/v2\/pages\/3556\/revisions"}],"predecessor-version":[{"id":5285,"href":"https:\/\/www.archive.splatfilmfest.com\/index.php\/wp-json\/wp\/v2\/pages\/3556\/revisions\/5285"}],"up":[{"embeddable":true,"href":"https:\/\/www.archive.splatfilmfest.com\/index.php\/wp-json\/wp\/v2\/pages\/324"}],"wp:attachment":[{"href":"https:\/\/www.archive.splatfilmfest.com\/index.php\/wp-json\/wp\/v2\/media?parent=3556"}],"curies":[{"name":"wp","href":"https:\/\/api.w.org\/{rel}","templated":true}]}}