{"id":2634,"date":"2016-06-19T19:00:15","date_gmt":"2016-06-19T17:00:15","guid":{"rendered":"http:\/\/www.archive.splatfilmfest.com\/?page_id=2634"},"modified":"2016-09-22T16:12:17","modified_gmt":"2016-09-22T14:12:17","slug":"nagrody","status":"publish","type":"page","link":"https:\/\/www.archive.splatfilmfest.com\/index.php\/nagrody\/","title":{"rendered":"Nagrody"},"content":{"rendered":"<p>[vc_row][vc_column][\/vc_column][\/vc_row][vc_row][vc_column][vc_column_text]<center><span style=\"color: #000000;\"><a style=\"color: #000000;\" href=\"http:\/\/www.archive.splatfilmfest.com\/index.php\/nagrody\/wieniec_12_07_2016-01\/\" rel=\"attachment wp-att-2688\"><img loading=\"lazy\" class=\"alignnone wp-image-2688\" src=\"http:\/\/www.archive.splatfilmfest.com\/wp-content\/uploads\/2016\/06\/wieniec_12_07_2016-01.jpg\" alt=\"wieniec_12_07_2016-01\" width=\"478\" height=\"268\" \/><\/a><\/span><\/center><\/p>\n<h3 style=\"text-align: center;\"><span style=\"color: #000000;\">Mamy ogromn\u0105 przyjemno\u015b\u0107 og\u0142osi\u0107 wyniki g\u0142osowania PUBLICZNO\u015aCI na najlepsze filmy Splat!FilmFest 2016<\/span><\/h3>\n<h3 style=\"text-align: center;\"><span style=\"color: #000000;\">Oto zwyci\u0119skie tytu\u0142y:<\/span><\/h3>\n<p>&nbsp;<\/p>\n<h2 style=\"text-align: center;\"><span style=\"color: #800000;\"><strong>FILMY PE\u0141NOMETRA\u017bOWE<\/strong><\/span><\/h2>\n<h3 style=\"text-align: center;\"><span style=\"color: #000000;\">Najlepszy Film Pe\u0142nometra\u017cowy: <a href=\"http:\/\/www.archive.splatfilmfest.com\/index.php\/film\/foundfootage3d\/\" target=\"_blank\">FOUND FOOTAGE 3D<\/a><\/span><\/h3>\n<h3 style=\"text-align: center;\"><span style=\"color: #000000;\">Najlepszy Scenariusz Filmu Pe\u0142nometra\u017cowego: <a href=\"http:\/\/www.archive.splatfilmfest.com\/index.php\/film\/landmine-goes-click\/\" target=\"_blank\">LANDMINE GOES CLICK<\/a><\/span><\/h3>\n<h3 style=\"text-align: center;\"><span style=\"color: #000000;\">Najlepszy Re\u017cyser Filmu Pe\u0142nometra\u017cowego: <a href=\"http:\/\/www.archive.splatfilmfest.com\/index.php\/film\/k-shop\/\" target=\"_blank\">K-SHOP<\/a><\/span><\/h3>\n<h3 style=\"text-align: center;\"><span style=\"color: #000000;\">Najstraszniejszy Film Pe\u0142nometra\u017cowy: <a href=\"http:\/\/www.archive.splatfilmfest.com\/index.php\/film\/foundfootage3d\/\" target=\"_blank\">FOUND FOOTAGE 3D<\/a><\/span><\/h3>\n<h3 style=\"text-align: center;\"><span style=\"color: #000000;\">Najbardziej Szokuj\u0105cy Film Pe\u0142nometra\u017cowy: <a href=\"http:\/\/www.archive.splatfilmfest.com\/index.php\/film\/cat-sick-blues\/\" target=\"_blank\">CAT SICK BLUES<\/a><\/span><\/h3>\n<h3 style=\"text-align: center;\"><span style=\"color: #000000;\">Najlepsze Efekty Specjalne w Filmie Pe\u0142nometra\u017cowym: <a href=\"http:\/\/www.archive.splatfilmfest.com\/index.php\/film\/foundfootage3d\/\" target=\"_blank\">FOUND FOOTAGE 3D<\/a><\/span><\/h3>\n<p>&nbsp;<\/p>\n<h2 style=\"text-align: center;\"><span style=\"color: #800000;\"><strong>FILMY KR\u00d3TKOMETRA\u017bOWE<\/strong><\/span><\/h2>\n<h3 style=\"text-align: center;\"><span style=\"color: #000000;\">Najlepszy Film Kr\u00f3tkometra\u017cowy: <a href=\"http:\/\/www.archive.splatfilmfest.com\/index.php\/film\/kookie\/\" target=\"_blank\">KOOKIE<\/a><\/span><\/h3>\n<h3 style=\"text-align: center;\"><span style=\"color: #000000;\">Najlepszy Scenariusz Filmu Kr\u00f3tkometra\u017cowego: <a href=\"http:\/\/www.archive.splatfilmfest.com\/index.php\/film\/monsters\/\" target=\"_blank\">MONSTERS<\/a><\/span><\/h3>\n<h3 style=\"text-align: center;\"><span style=\"color: #000000;\">Najlepszy Re\u017cyser Filmu Kr\u00f3tkometra\u017cowego: <a href=\"http:\/\/www.archive.splatfilmfest.com\/index.php\/film\/nizej-podpisana\/\" target=\"_blank\">NI\u017bEJ PODPISANA (THE UNDERSIGNED)<\/a><\/span><\/h3>\n<h3 style=\"text-align: center;\"><span style=\"color: #000000;\">Najstraszniejszy Film Kr\u00f3tkometra\u017cowy: <a href=\"http:\/\/www.archive.splatfilmfest.com\/index.php\/film\/kookie\/\" target=\"_blank\">KOOKIE<\/a><\/span><\/h3>\n<h3 style=\"text-align: center;\"><span style=\"color: #000000;\">Najbardziej Szokuj\u0105cy Film Kr\u00f3tkometra\u017cowy: <a href=\"http:\/\/www.archive.splatfilmfest.com\/index.php\/film\/mayday\/\" target=\"_blank\">MAYDAY<\/a><\/span><\/h3>\n<h3 style=\"text-align: center;\"><span style=\"color: #000000;\">Najlepsze Efekty Specjalne w Filmie Kr\u00f3tkometra\u017cowym: <a href=\"http:\/\/www.archive.splatfilmfest.com\/index.php\/film\/shell\/\" target=\"_blank\">SHELL<\/a><\/span><\/h3>\n<p>&nbsp;<\/p>\n<h3 style=\"text-align: center;\"><span style=\"color: #000000;\">GRATULUJEMY!!!<\/span><\/h3>\n<p>[\/vc_column_text][\/vc_column][\/vc_row][vc_row][vc_column][\/vc_column][\/vc_row]<\/p>","protected":false},"excerpt":{"rendered":"<p>[vc_row][vc_column][\/vc_column][\/vc_row][vc_row][vc_column][vc_column_text] Mamy ogromn\u0105 przyjemno\u015b\u0107 og\u0142osi\u0107 wyniki g\u0142osowania PUBLICZNO\u015aCI na najlepsze filmy Splat!FilmFest 2016 Oto zwyci\u0119skie tytu\u0142y: &nbsp; FILMY PE\u0141NOMETRA\u017bOWE Najlepszy Film Pe\u0142nometra\u017cowy: FOUND FOOTAGE 3D Najlepszy Scenariusz Filmu Pe\u0142nometra\u017cowego: LANDMINE GOES CLICK Najlepszy Re\u017cyser Filmu Pe\u0142nometra\u017cowego: K-SHOP Najstraszniejszy Film Pe\u0142nometra\u017cowy: FOUND FOOTAGE 3D Najbardziej Szokuj\u0105cy Film Pe\u0142nometra\u017cowy: CAT SICK BLUES Najlepsze Efekty Specjalne w Filmie Pe\u0142nometra\u017cowym: FOUND FOOTAGE 3D &nbsp; FILMY KR\u00d3TKOMETRA\u017bOWE Najlepszy Film Kr\u00f3tkometra\u017cowy: KOOKIE Najlepszy Scenariusz Filmu Kr\u00f3tkometra\u017cowego: MONSTERS Najlepszy Re\u017cyser Filmu Kr\u00f3tkometra\u017cowego: NI\u017bEJ PODPISANA (THE UNDERSIGNED) Najstraszniejszy Film Kr\u00f3tkometra\u017cowy: KOOKIE Najbardziej Szokuj\u0105cy Film Kr\u00f3tkometra\u017cowy: MAYDAY Najlepsze Efekty Specjalne w Filmie Kr\u00f3tkometra\u017cowym: SHELL &nbsp; GRATULUJEMY!!! [\/vc_column_text][\/vc_column][\/vc_row][vc_row][vc_column][\/vc_column][\/vc_row]<\/p>\n","protected":false},"author":1,"featured_media":0,"parent":0,"menu_order":0,"comment_status":"closed","ping_status":"closed","template":"template-nonesidebar.php","meta":[],"yoast_head":"<!-- This site is optimized with the Yoast SEO plugin v15.2.1 - https:\/\/yoast.com\/wordpress\/plugins\/seo\/ -->\n<title>Nagrody - Splat!FilmFest<\/title>\n<meta name=\"robots\" content=\"index, follow, max-snippet:-1, max-image-preview:large, max-video-preview:-1\" \/>\n<link rel=\"canonical\" href=\"https:\/\/www.archive.splatfilmfest.com\/index.php\/nagrody\/\" \/>\n<meta property=\"og:locale\" content=\"pl_PL\" \/>\n<meta property=\"og:type\" content=\"article\" \/>\n<meta property=\"og:title\" content=\"Nagrody - Splat!FilmFest\" \/>\n<meta property=\"og:description\" content=\"[vc_row][vc_column][\/vc_column][\/vc_row][vc_row][vc_column][vc_column_text] Mamy ogromn\u0105 przyjemno\u015b\u0107 og\u0142osi\u0107 wyniki g\u0142osowania PUBLICZNO\u015aCI na najlepsze filmy Splat!FilmFest 2016 Oto zwyci\u0119skie tytu\u0142y: &nbsp; FILMY PE\u0141NOMETRA\u017bOWE Najlepszy Film Pe\u0142nometra\u017cowy: FOUND FOOTAGE 3D Najlepszy Scenariusz Filmu Pe\u0142nometra\u017cowego: LANDMINE GOES CLICK Najlepszy Re\u017cyser Filmu Pe\u0142nometra\u017cowego: K-SHOP Najstraszniejszy Film Pe\u0142nometra\u017cowy: FOUND FOOTAGE 3D Najbardziej Szokuj\u0105cy Film Pe\u0142nometra\u017cowy: CAT SICK BLUES Najlepsze Efekty Specjalne w Filmie Pe\u0142nometra\u017cowym: FOUND FOOTAGE 3D &nbsp; FILMY KR\u00d3TKOMETRA\u017bOWE Najlepszy Film Kr\u00f3tkometra\u017cowy: KOOKIE Najlepszy Scenariusz Filmu Kr\u00f3tkometra\u017cowego: MONSTERS Najlepszy Re\u017cyser Filmu Kr\u00f3tkometra\u017cowego: NI\u017bEJ PODPISANA (THE UNDERSIGNED) Najstraszniejszy Film Kr\u00f3tkometra\u017cowy: KOOKIE Najbardziej Szokuj\u0105cy Film Kr\u00f3tkometra\u017cowy: MAYDAY Najlepsze Efekty Specjalne w Filmie Kr\u00f3tkometra\u017cowym: SHELL &nbsp; GRATULUJEMY!!! [\/vc_column_text][\/vc_column][\/vc_row][vc_row][vc_column][\/vc_column][\/vc_row]\" \/>\n<meta property=\"og:url\" content=\"https:\/\/www.archive.splatfilmfest.com\/index.php\/nagrody\/\" \/>\n<meta property=\"og:site_name\" content=\"Splat!FilmFest\" \/>\n<meta property=\"article:publisher\" content=\"https:\/\/www.facebook.com\/splatfilmfest\" \/>\n<meta property=\"article:modified_time\" content=\"2016-09-22T14:12:17+00:00\" \/>\n<meta property=\"og:image\" content=\"http:\/\/www.splatfilmfest.com\/wp-content\/uploads\/2016\/06\/wieniec_12_07_2016-01.jpg\" \/>\n<meta name=\"twitter:card\" content=\"summary_large_image\" \/>\n<meta name=\"twitter:creator\" content=\"@SplatFilmFest\" \/>\n<meta name=\"twitter:site\" content=\"@SplatFilmFest\" \/>\n<meta name=\"twitter:label1\" content=\"Written by\">\n\t<meta name=\"twitter:data1\" content=\"admin\">\n\t<meta name=\"twitter:label2\" content=\"Est. reading time\">\n\t<meta name=\"twitter:data2\" content=\"1 minuta\">\n<script type=\"application\/ld+json\" class=\"yoast-schema-graph\">{\"@context\":\"https:\/\/schema.org\",\"@graph\":[{\"@type\":\"WebSite\",\"@id\":\"https:\/\/www.archive.splatfilmfest.com\/#website\",\"url\":\"https:\/\/www.archive.splatfilmfest.com\/\",\"name\":\"Splat!FilmFest\",\"description\":\"\",\"potentialAction\":[{\"@type\":\"SearchAction\",\"target\":\"https:\/\/www.archive.splatfilmfest.com\/?s={search_term_string}\",\"query-input\":\"required name=search_term_string\"}],\"inLanguage\":\"pl-PL\"},{\"@type\":\"ImageObject\",\"@id\":\"https:\/\/www.archive.splatfilmfest.com\/index.php\/nagrody\/#primaryimage\",\"inLanguage\":\"pl-PL\",\"url\":\"http:\/\/www.archive.splatfilmfest.com\/wp-content\/uploads\/2016\/06\/wieniec_12_07_2016-01.jpg\"},{\"@type\":\"WebPage\",\"@id\":\"https:\/\/www.archive.splatfilmfest.com\/index.php\/nagrody\/#webpage\",\"url\":\"https:\/\/www.archive.splatfilmfest.com\/index.php\/nagrody\/\",\"name\":\"Nagrody - Splat!FilmFest\",\"isPartOf\":{\"@id\":\"https:\/\/www.archive.splatfilmfest.com\/#website\"},\"primaryImageOfPage\":{\"@id\":\"https:\/\/www.archive.splatfilmfest.com\/index.php\/nagrody\/#primaryimage\"},\"datePublished\":\"2016-06-19T17:00:15+00:00\",\"dateModified\":\"2016-09-22T14:12:17+00:00\",\"inLanguage\":\"pl-PL\",\"potentialAction\":[{\"@type\":\"ReadAction\",\"target\":[\"https:\/\/www.archive.splatfilmfest.com\/index.php\/nagrody\/\"]}]}]}<\/script>\n<!-- \/ Yoast SEO plugin. -->","_links":{"self":[{"href":"https:\/\/www.archive.splatfilmfest.com\/index.php\/wp-json\/wp\/v2\/pages\/2634"}],"collection":[{"href":"https:\/\/www.archive.splatfilmfest.com\/index.php\/wp-json\/wp\/v2\/pages"}],"about":[{"href":"https:\/\/www.archive.splatfilmfest.com\/index.php\/wp-json\/wp\/v2\/types\/page"}],"author":[{"embeddable":true,"href":"https:\/\/www.archive.splatfilmfest.com\/index.php\/wp-json\/wp\/v2\/users\/1"}],"replies":[{"embeddable":true,"href":"https:\/\/www.archive.splatfilmfest.com\/index.php\/wp-json\/wp\/v2\/comments?post=2634"}],"version-history":[{"count":26,"href":"https:\/\/www.archive.splatfilmfest.com\/index.php\/wp-json\/wp\/v2\/pages\/2634\/revisions"}],"predecessor-version":[{"id":4340,"href":"https:\/\/www.archive.splatfilmfest.com\/index.php\/wp-json\/wp\/v2\/pages\/2634\/revisions\/4340"}],"wp:attachment":[{"href":"https:\/\/www.archive.splatfilmfest.com\/index.php\/wp-json\/wp\/v2\/media?parent=2634"}],"curies":[{"name":"wp","href":"https:\/\/api.w.org\/{rel}","templated":true}]}}