{"id":14179,"date":"2024-02-05T15:53:59","date_gmt":"2024-02-05T14:53:59","guid":{"rendered":"https:\/\/www.archive.splatfilmfest.com\/?page_id=14179"},"modified":"2024-04-09T14:45:53","modified_gmt":"2024-04-09T12:45:53","slug":"kultowe-klasyki","status":"publish","type":"page","link":"https:\/\/www.archive.splatfilmfest.com\/index.php\/kultowe-klasyki\/","title":{"rendered":"KULTOWE KLASYKI"},"content":{"rendered":"<p>[vc_row][vc_column][vc_column_text]<\/p>\n<h2><span style=\"color: #000000;\">KULTOWE KLASYKI OD SPLAT!FILMFEST<\/span><br \/>\n<span style=\"color: #000000;\">W repertuarze ca\u0142orocznego cyklu filmowego KULTOWE KLASYKI znajduj\u0105 si\u0119 filmy o szczeg\u00f3lnym znaczeniu, mocne, wyraziste i ponadczasowe, kt\u00f3re mimo up\u0142ywu lat, zmieniaj\u0105cych si\u0119 gust\u00f3w i trend\u00f3w nie straci\u0142y na przes\u0142aniu i sile ra\u017cenia. Kuratorka cyklu: Monika Stolat.<\/span><br \/>\n<span style=\"color: #000000;\">Cykl filmowy organizowany jest przez Splat!FilmFest \u2013 International Fantastic Film Festival.<\/span><\/h2>\n<h2><\/h2>\n<p>[\/vc_column_text][\/vc_column][\/vc_row][vc_row][vc_column][film_discover style_discover=&#8221;3&#8243; small_title=&#8221;L\u015aNIENIE&#8221; title_section=&#8221;KWIECIE\u0143 2024&#8243;][\/film_discover][vc_empty_space][film_discover style_discover=&#8221;3&#8243; image=&#8221;14203&#8243;]<\/p>\n<h2><span style=\"color: #000000;\">O FILMIE:<\/span><\/h2>\n<h2 class=\"x11i5rnm xat24cr x1mh8g0r x1vvkbs xtlvy1s\"><span style=\"color: #000000;\">Jack Torrance obejmuje na czas zimowy stanowisko dozorcy pot\u0119\u017cnego hotelu Panorama, znajduj\u0105cego si\u0119 w g\u00f3rach w Kolorado. Wraz z \u017con\u0105 i kilkuletnim synem zostaj\u0105 jedynymi lokatorami tego wspania\u0142ego przybytku, lecz wkr\u00f3tce odkrywaj\u0105, \u017ce hotel z tradycjami ma te\u017c swoje tajemnice. Szale\u0144stwo zamkni\u0119cia, upiory Panoramy oraz odcinaj\u0105ce j\u0105 od reszty \u015bwiata zaspy \u015bniegu tworz\u0105 pu\u0142apk\u0119 bez wyj\u015bcia, a Jack, kt\u00f3ry mia\u0142 dba\u0107 o bezpiecze\u0144stwo rodziny, przeistacza si\u0119 w op\u0119tanego maniaka.<\/span><\/h2>\n<h2 class=\"x11i5rnm xat24cr x1mh8g0r x1vvkbs xtlvy1s\"><span style=\"color: #000000;\">\u201eL\u015bnienie\u201d w re\u017cyserii Stanleya Kubricka, oparte na bestsellerowej ksi\u0105\u017cce Stephena Kinga, to jeden z najs\u0142ynniejszych film\u00f3w grozy w historii kina, a jednocze\u015bnie dzie\u0142o tak bardzo niepowtarzalne, \u017ce niemal ka\u017cda pr\u00f3ba nawi\u0105zania z nim dialogu ko\u0144czy\u0142a si\u0119 niepowodzeniem. By\u0107 mo\u017ce dlatego, \u017ce terror u Kubricka jest nieludzki, pozbawiony logiki, oderwany od jakichkolwiek zasad. A by\u0107 mo\u017ce dlatego, \u017ce horror ma tu twarz Jacka Nicholsona, kt\u00f3rego szale\u0144czy taniec z siekier\u0105 w dalszej cz\u0119\u015bci filmu oraz wykrzywione u\u015bmiechem lico ju\u017c na zawsze pozostanie synonimem filmowego terroru.<\/span><\/h2>\n<h2 class=\"x11i5rnm xat24cr x1mh8g0r x1vvkbs xtlvy1s\"><span style=\"color: #000000;\">Celem Kubricka by\u0142o nakr\u0119cenie horroru totalnego. I dow\u00f3d na to mamy ju\u017c w samej czo\u0142\u00f3wce, kiedy ogl\u0105damy obrazy majestatycznej natury, ilustrowane budz\u0105c\u0105 natychmiastowy l\u0119k muzyk\u0105 inspirowan\u0105 \u015bredniowieczn\u0105 pie\u015bni\u0105 \u201eDies irae\u201d. Z\u0142o jest wsz\u0119dzie, wydaje si\u0119 m\u00f3wi\u0107 re\u017cyser \u201eMechanicznej pomara\u0144czy\u201d. Z\u0142o jest wieczne. Podczas, gdy Stephen King szuka\u0142 i t\u0142umaczy\u0142 zagro\u017cenie w alkoholizmie g\u0142\u00f3wnego bohatera, kt\u00f3rego na\u0142\u00f3g staje si\u0119 furtk\u0105 dla z\u0142a, u Kubricka tej furtki brak \u2013 z\u0142o i tak op\u0119ta Jacka Torrance\u2019a, nie ma mo\u017cliwo\u015bci, \u017ceby do tego nie dosz\u0142o. Tym samym niesamowita czo\u0142\u00f3wka stanowi swoisty zew. Co\u015b wzywa Jacka do Panoramy, a on s\u0142yszy to zaproszenie. I je przyjmuje. [Krzysztof Walecki dla Kultowych Klasyk\u00f3w]<\/span><\/h2>\n<h2 class=\"x11i5rnm xat24cr x1mh8g0r x1vvkbs xtlvy1s\"><span style=\"color: #000000;\">re\u017c. Stanley Kubrick<\/span><br \/>\n<span style=\"color: #000000;\">horror | USA | 1980<\/span><br \/>\n<span style=\"color: #000000;\">2h 26 min<\/span><br \/>\n<span style=\"color: #000000;\">j\u0119zyk: angielski<\/span><br \/>\n<span style=\"color: #000000;\">napisy: polskie<\/span><\/h2>\n<h2 class=\"x11i5rnm xat24cr x1mh8g0r x1vvkbs xtlvy1s\"><\/h2>\n<p>&nbsp;<\/p>\n<h2><span style=\"color: #000000;\"><strong>SEANSE:<\/strong><\/span><br \/>\n<span style=\"color: #000000;\">WROC\u0141AW | Kino Nowe Horyzonty | 22.04 | 20:00 | <a style=\"color: #000000;\" href=\"https:\/\/www.kinonh.pl\/op.s?id=19524\" target=\"_blank\" rel=\"noopener noreferrer\"><span style=\"color: #800080;\">BILETY<\/span><\/a><\/span><br \/>\n<span style=\"color: #000000;\">WARSZAWA | Kinoteka |22.04 | 19:30 i 20:00 | <span style=\"color: #800080;\"><a style=\"color: #800080;\" href=\"https:\/\/kinoteka.pl\/film\/kultowe-klasyki-lsnienie\/\" target=\"_blank\" rel=\"noopener noreferrer\">BILETY<\/a><\/span><br \/>\n<\/span><\/h2>\n<h2><\/h2>\n<p>[\/film_discover][vc_empty_space][film_discover style_discover=&#8221;3&#8243; small_title=&#8221;TEKSA\u0143SKA MASAKRA PI\u0141\u0104 MECHANICZN\u0104 (1974)&#8221; title_section=&#8221;MARZEC 2024&#8243;][\/film_discover][vc_empty_space][film_discover style_discover=&#8221;3&#8243; image=&#8221;14198&#8243;]<\/p>\n<h2><span style=\"color: #000000;\">O FILMIE:<\/span><\/h2>\n<h2 class=\"x11i5rnm xat24cr x1mh8g0r x1vvkbs xtlvy1s\"><span style=\"color: #000000;\">Grupa przyjaci\u00f3\u0142, podr\u00f3\u017cuje przez Teksas. Gdy nagle ko\u0144czy im si\u0119 paliwo jedynym schronieniem staje si\u0119 odleg\u0142y dom na odludziu, zamieszka\u0142y przez tajemnicz\u0105 i osobliw\u0105 rodzin\u0119. Od tej pory \u017cyciu bohater\u00f3w zagra\u017ca \u015bmiertelne niebezpiecze\u0144stwo.<\/span><\/h2>\n<h2 class=\"x11i5rnm xat24cr x1mh8g0r x1vvkbs xtlvy1s\"><\/h2>\n<h2 class=\"x11i5rnm xat24cr x1mh8g0r x1vvkbs xtlvy1s\"><span style=\"color: #000000;\">W przeciwie\u0144stwie do klasycznych horror\u00f3w Tobe Hooper z\u0142ama\u0142 \u00f3wczesne zasady kina grozy i przeni\u00f3s\u0142 widza w miejsce, w kt\u00f3rym si\u0142y z\u0142a wyj\u0105tkowo nie przychodz\u0105 z zewn\u0105trz i nie burz\u0105 bezpiecznego porz\u0105dku, bo w \u015bwiecie \u201eTeksa\u0144skiej masakry pi\u0142\u0105 mechaniczn\u0105\u201d \u017cadnego \u0142adu nawet nie ma. Tym razem to zwyrodnia\u0142a rodzina jest zagro\u017ceniem, a z\u0142o jest wszechobecne, nierozerwalnie zwi\u0105zane z otaczaj\u0105ca rzeczywisto\u015bci\u0105. Film nale\u017cy do nurtu kina gore, jest brutalny w swym surowym realizmie, nihilistyczny, odra\u017caj\u0105cy a przy tym mistrzowsko buduje nieustaj\u0105ce napi\u0119cie.<\/span><\/h2>\n<h2 class=\"x11i5rnm xat24cr x1mh8g0r x1vvkbs xtlvy1s\"><span style=\"color: #000000;\">Powstanie niezale\u017cnej i niskobud\u017cetowej \u201eTeksa\u0144skiej masakry pi\u0142\u0105 mechaniczn\u0105\u201d wywo\u0142a\u0142o ogromne kontrowersje, wiele pa\u0144stw zakaza\u0142o u siebie dystrybucji filmu lub op\u00f3\u017ani\u0142y jego premier\u0119 do kilkunastu a nawet kilkudziesi\u0119ciu lat. Ostatecznie film uznawany jest za jeden z najlepszych i najbardziej wp\u0142ywowych horror\u00f3w w historii \u015bwiatowej kinematografii.<\/span><\/h2>\n<h2 class=\"x11i5rnm xat24cr x1mh8g0r x1vvkbs xtlvy1s\"><\/h2>\n<h2><span style=\"color: #000000;\"><span class=\"x193iq5w xeuugli x13faqbe x1vvkbs xlh3980 xvmahel x1n0sxbx x1lliihq x1s928wv xhkezso x1gmr53x x1cpjm7i x1fgarty x1943h6x xudqn12 x3x7a5m x6prxxf xvq8zen xo1l8bm xzsf02u\" dir=\"auto\">re\u017c. Tobe Hooper<br \/>\nhorror, gore | USA | 1974<br \/>\n1 h 23 min<br \/>\nj\u0119zyk: angielski<br \/>\nnapisy: polskie<br \/>\n<\/span><\/span><\/h2>\n<h2><\/h2>\n<h2><span style=\"color: #000000;\"><strong>SEANSE:<\/strong><\/span><br \/>\n<span style=\"color: #000000;\">WROC\u0141AW | Kino Nowe Horyzonty | 18.03 | 20:00 | <a style=\"color: #000000;\" href=\"https:\/\/www.kinonh.pl\/op.s?id=19415\" target=\"_blank\" rel=\"noopener noreferrer\"><span style=\"color: #800080;\">BILETY<\/span><\/a><\/span><br \/>\n<span style=\"color: #000000;\">WARSZAWA | Kinoteka |19.03 | 20:00 | <span style=\"color: #800080;\"><a style=\"color: #800080;\" href=\"https:\/\/kinoteka.pl\/film\/kultowe-klasyki-teksanska-masakra-pila-mechaniczna\/\" target=\"_blank\" rel=\"noopener noreferrer\">BILETY<\/a><\/span><br \/>\n<\/span><\/h2>\n<h2><\/h2>\n<p>[\/film_discover][film_discover style_discover=&#8221;3&#8243; small_title=&#8221;D\u0141UGI WEEKEND&#8221; title_section=&#8221;LUTY 2024&#8243;][\/film_discover][vc_empty_space][film_discover style_discover=&#8221;3&#8243; image=&#8221;14184&#8243;]<\/p>\n<h2 class=\"x11i5rnm xat24cr x1mh8g0r x1vvkbs xtlvy1s\"><span style=\"color: #000000;\">O FILMIE:<\/span><br \/>\n<span style=\"color: #000000;\">M\u0142ode ma\u0142\u017ce\u0144stwo wyje\u017cd\u017ca na weekend nad morze. Marcia chce zatrzyma\u0107 si\u0119 w hotelu, ale Peter woli rozbi\u0107 namiot w lesie. Na ile chce rzeczywi\u015bcie sp\u0119dzi\u0107 wolny czas na \u0142onie natury, a na ile pokaza\u0107 \u017conie swoj\u0105 wy\u017cszo\u015b\u0107, jest spraw\u0105 otwart\u0105. Jednak ju\u017c od pocz\u0105tku wycieczki dziej\u0105 si\u0119 niepokoj\u0105ce rzeczy, kt\u00f3re stawiaj\u0105 pod znakiem zapytania nie tylko udany wypoczynek bohater\u00f3w, ich zwi\u0105zek, ale r\u00f3wnie\u017c szcz\u0119\u015bliwy powr\u00f3t do domu.<\/span><\/h2>\n<h2 class=\"x11i5rnm xat24cr x1mh8g0r x1vvkbs xtlvy1s\"><span style=\"color: #000000;\">\u201eD\u0142ugi weekend\u201d to reprezentant kina ozploitation, czyli australijskiego kina eksploatacji tj. niskobud\u017cetowego, dzikiego, brutalnego no i australijskiego. Chocia\u017c film posiada elementy kina \u201eanimal attack\u201d to jest przede wszystkim trzymaj\u0105cym w napi\u0119ciu horrorem sk\u0142aniaj\u0105cym do refleksji nad kondycj\u0105 cz\u0142owieka, jak r\u00f3wnie\u017c jego stosunkiem do przyrody. [Krzysztof Walecki, Film.org.pl]<\/span><\/h2>\n<h2><\/h2>\n<h2 class=\"x11i5rnm xat24cr x1mh8g0r x1vvkbs xtlvy1s\"><span style=\"color: #000000;\">re\u017c. Colin Eggleston<\/span><br \/>\n<span style=\"color: #000000;\">horror, mystery, thriller | Australia | 1978<\/span><br \/>\n<span style=\"color: #000000;\">1 h 37 h<\/span><br \/>\n<span style=\"color: #000000;\">j\u0119zyk: angielski<\/span><br \/>\n<span style=\"color: #000000;\">napisy: polskie<\/span><\/h2>\n<h2><\/h2>\n<h2><strong><span style=\"color: #000000;\">SEANSE:<\/span><\/strong><br \/>\n<span style=\"color: #000000;\">WROC\u0141AW | Kino Nowe Horyzonty | 18.02 | 20:00 | <span style=\"color: #800080;\"><a style=\"color: #800080;\" href=\"https:\/\/www.kinonh.pl\/op.s?id=19335\" target=\"_blank\" rel=\"noopener noreferrer\">BILETY<\/a><\/span><\/span><br \/>\n<span style=\"color: #000000;\">WARSZAWA | Kinoteka |19.02 | 20:00 | <span style=\"color: #800080;\"><a style=\"color: #800080;\" href=\"https:\/\/kinoteka.pl\/seanse-filmowe\/movie,7406,kultowe-klasyki:-dlugi-weekend-2702\" target=\"_blank\" rel=\"noopener noreferrer\">BILETY<\/a><\/span><br \/>\n<\/span><\/h2>\n<h2 class=\"x11i5rnm xat24cr x1mh8g0r x1vvkbs xtlvy1s\"><\/h2>\n<p>[\/film_discover][\/vc_column][\/vc_row][vc_row][\/vc_row]<\/p>","protected":false},"excerpt":{"rendered":"<p>[vc_row][vc_column][vc_column_text] KULTOWE KLASYKI OD SPLAT!FILMFEST W repertuarze ca\u0142orocznego cyklu filmowego KULTOWE KLASYKI znajduj\u0105 si\u0119 filmy o szczeg\u00f3lnym znaczeniu, mocne, wyraziste i ponadczasowe, kt\u00f3re mimo up\u0142ywu lat, zmieniaj\u0105cych si\u0119 gust\u00f3w i trend\u00f3w nie straci\u0142y na przes\u0142aniu i sile ra\u017cenia. Kuratorka cyklu: Monika Stolat. Cykl filmowy organizowany jest przez Splat!FilmFest \u2013 International Fantastic Film Festival. [\/vc_column_text][\/vc_column][\/vc_row][vc_row][vc_column][film_discover style_discover=&#8221;3&#8243; small_title=&#8221;L\u015aNIENIE&#8221; title_section=&#8221;KWIECIE\u0143 2024&#8243;][\/film_discover][vc_empty_space][film_discover style_discover=&#8221;3&#8243; image=&#8221;14203&#8243;] O FILMIE: Jack Torrance obejmuje na czas zimowy stanowisko dozorcy pot\u0119\u017cnego hotelu Panorama, znajduj\u0105cego si\u0119 w g\u00f3rach w Kolorado. Wraz z \u017con\u0105 i kilkuletnim synem zostaj\u0105 jedynymi lokatorami tego wspania\u0142ego przybytku, lecz wkr\u00f3tce odkrywaj\u0105, \u017ce hotel z tradycjami ma te\u017c swoje tajemnice. Szale\u0144stwo zamkni\u0119cia, upiory Panoramy oraz odcinaj\u0105ce j\u0105 od [&hellip;]<\/p>\n","protected":false},"author":1,"featured_media":14198,"parent":0,"menu_order":0,"comment_status":"closed","ping_status":"closed","template":"","meta":[],"yoast_head":"<!-- This site is optimized with the Yoast SEO plugin v15.2.1 - https:\/\/yoast.com\/wordpress\/plugins\/seo\/ -->\n<title>KULTOWE KLASYKI - Splat!FilmFest<\/title>\n<meta name=\"robots\" content=\"index, follow, max-snippet:-1, max-image-preview:large, max-video-preview:-1\" \/>\n<link rel=\"canonical\" href=\"https:\/\/www.archive.splatfilmfest.com\/index.php\/kultowe-klasyki\/\" \/>\n<meta property=\"og:locale\" content=\"pl_PL\" \/>\n<meta property=\"og:type\" content=\"article\" \/>\n<meta property=\"og:title\" content=\"KULTOWE KLASYKI - Splat!FilmFest\" \/>\n<meta property=\"og:description\" content=\"[vc_row][vc_column][vc_column_text] KULTOWE KLASYKI OD SPLAT!FILMFEST W repertuarze ca\u0142orocznego cyklu filmowego KULTOWE KLASYKI znajduj\u0105 si\u0119 filmy o szczeg\u00f3lnym znaczeniu, mocne, wyraziste i ponadczasowe, kt\u00f3re mimo up\u0142ywu lat, zmieniaj\u0105cych si\u0119 gust\u00f3w i trend\u00f3w nie straci\u0142y na przes\u0142aniu i sile ra\u017cenia. Kuratorka cyklu: Monika Stolat. Cykl filmowy organizowany jest przez Splat!FilmFest \u2013 International Fantastic Film Festival. [\/vc_column_text][\/vc_column][\/vc_row][vc_row][vc_column][film_discover style_discover=&#8221;3&#8243; small_title=&#8221;L\u015aNIENIE&#8221; title_section=&#8221;KWIECIE\u0143 2024&#8243;][\/film_discover][vc_empty_space][film_discover style_discover=&#8221;3&#8243; image=&#8221;14203&#8243;] O FILMIE: Jack Torrance obejmuje na czas zimowy stanowisko dozorcy pot\u0119\u017cnego hotelu Panorama, znajduj\u0105cego si\u0119 w g\u00f3rach w Kolorado. Wraz z \u017con\u0105 i kilkuletnim synem zostaj\u0105 jedynymi lokatorami tego wspania\u0142ego przybytku, lecz wkr\u00f3tce odkrywaj\u0105, \u017ce hotel z tradycjami ma te\u017c swoje tajemnice. Szale\u0144stwo zamkni\u0119cia, upiory Panoramy oraz odcinaj\u0105ce j\u0105 od [&hellip;]\" \/>\n<meta property=\"og:url\" content=\"https:\/\/www.archive.splatfilmfest.com\/index.php\/kultowe-klasyki\/\" \/>\n<meta property=\"og:site_name\" content=\"Splat!FilmFest\" \/>\n<meta property=\"article:publisher\" content=\"https:\/\/www.facebook.com\/splatfilmfest\" \/>\n<meta property=\"article:modified_time\" content=\"2024-04-09T12:45:53+00:00\" \/>\n<meta property=\"og:image\" content=\"https:\/\/www.archive.splatfilmfest.com\/wp-content\/uploads\/2024\/03\/2184f56712f2b656b6aafa00f9e85c65.jpg\" \/>\n\t<meta property=\"og:image:width\" content=\"1080\" \/>\n\t<meta property=\"og:image:height\" content=\"1615\" \/>\n<meta name=\"twitter:card\" content=\"summary_large_image\" \/>\n<meta name=\"twitter:creator\" content=\"@SplatFilmFest\" \/>\n<meta name=\"twitter:site\" content=\"@SplatFilmFest\" \/>\n<meta name=\"twitter:label1\" content=\"Written by\">\n\t<meta name=\"twitter:data1\" content=\"admin\">\n\t<meta name=\"twitter:label2\" content=\"Est. reading time\">\n\t<meta name=\"twitter:data2\" content=\"4 minuty\">\n<script type=\"application\/ld+json\" class=\"yoast-schema-graph\">{\"@context\":\"https:\/\/schema.org\",\"@graph\":[{\"@type\":\"WebSite\",\"@id\":\"https:\/\/www.archive.splatfilmfest.com\/#website\",\"url\":\"https:\/\/www.archive.splatfilmfest.com\/\",\"name\":\"Splat!FilmFest\",\"description\":\"\",\"potentialAction\":[{\"@type\":\"SearchAction\",\"target\":\"https:\/\/www.archive.splatfilmfest.com\/?s={search_term_string}\",\"query-input\":\"required name=search_term_string\"}],\"inLanguage\":\"pl-PL\"},{\"@type\":\"ImageObject\",\"@id\":\"https:\/\/www.archive.splatfilmfest.com\/index.php\/kultowe-klasyki\/#primaryimage\",\"inLanguage\":\"pl-PL\",\"url\":\"https:\/\/www.archive.splatfilmfest.com\/wp-content\/uploads\/2024\/03\/2184f56712f2b656b6aafa00f9e85c65.jpg\",\"width\":1080,\"height\":1615},{\"@type\":\"WebPage\",\"@id\":\"https:\/\/www.archive.splatfilmfest.com\/index.php\/kultowe-klasyki\/#webpage\",\"url\":\"https:\/\/www.archive.splatfilmfest.com\/index.php\/kultowe-klasyki\/\",\"name\":\"KULTOWE KLASYKI - Splat!FilmFest\",\"isPartOf\":{\"@id\":\"https:\/\/www.archive.splatfilmfest.com\/#website\"},\"primaryImageOfPage\":{\"@id\":\"https:\/\/www.archive.splatfilmfest.com\/index.php\/kultowe-klasyki\/#primaryimage\"},\"datePublished\":\"2024-02-05T14:53:59+00:00\",\"dateModified\":\"2024-04-09T12:45:53+00:00\",\"inLanguage\":\"pl-PL\",\"potentialAction\":[{\"@type\":\"ReadAction\",\"target\":[\"https:\/\/www.archive.splatfilmfest.com\/index.php\/kultowe-klasyki\/\"]}]}]}<\/script>\n<!-- \/ Yoast SEO plugin. -->","_links":{"self":[{"href":"https:\/\/www.archive.splatfilmfest.com\/index.php\/wp-json\/wp\/v2\/pages\/14179"}],"collection":[{"href":"https:\/\/www.archive.splatfilmfest.com\/index.php\/wp-json\/wp\/v2\/pages"}],"about":[{"href":"https:\/\/www.archive.splatfilmfest.com\/index.php\/wp-json\/wp\/v2\/types\/page"}],"author":[{"embeddable":true,"href":"https:\/\/www.archive.splatfilmfest.com\/index.php\/wp-json\/wp\/v2\/users\/1"}],"replies":[{"embeddable":true,"href":"https:\/\/www.archive.splatfilmfest.com\/index.php\/wp-json\/wp\/v2\/comments?post=14179"}],"version-history":[{"count":17,"href":"https:\/\/www.archive.splatfilmfest.com\/index.php\/wp-json\/wp\/v2\/pages\/14179\/revisions"}],"predecessor-version":[{"id":14205,"href":"https:\/\/www.archive.splatfilmfest.com\/index.php\/wp-json\/wp\/v2\/pages\/14179\/revisions\/14205"}],"wp:featuredmedia":[{"embeddable":true,"href":"https:\/\/www.archive.splatfilmfest.com\/index.php\/wp-json\/wp\/v2\/media\/14198"}],"wp:attachment":[{"href":"https:\/\/www.archive.splatfilmfest.com\/index.php\/wp-json\/wp\/v2\/media?parent=14179"}],"curies":[{"name":"wp","href":"https:\/\/api.w.org\/{rel}","templated":true}]}}