{"id":14044,"date":"2023-10-09T23:12:05","date_gmt":"2023-10-09T21:12:05","guid":{"rendered":"https:\/\/www.archive.splatfilmfest.com\/?page_id=14044"},"modified":"2023-11-06T22:46:20","modified_gmt":"2023-11-06T21:46:20","slug":"audienceawards2023","status":"publish","type":"page","link":"https:\/\/www.archive.splatfilmfest.com\/index.php\/audienceawards2023\/","title":{"rendered":"NAGRODY PUBLICZNO\u015aCI"},"content":{"rendered":"<p>[vc_row][vc_column][film_discover style_discover=&#8221;3&#8243; image=&#8221;14047&#8243;]<\/p>\n<h2><span style=\"color: #000000;\">Podczas festiwalu 9. Splat!FilmFest 2023 w Warszawie i Wroc\u0142awiu widzki oraz widzowie zag\u0142osowali na Nagrody Publiczno\u015bci dla film\u00f3w pe\u0142nometra\u017cowych i kr\u00f3tkometra\u017cowych w kilku kategoriach<\/span><\/h2>\n<h2><\/h2>\n<h1><strong><span style=\"color: #000000;\">NAGRODY PUBLICZNO\u015aCI \u2013 FILMY PE\u0141NOMETRA\u017bOWE &#8211; ZWYCI\u0118ZCY<br \/>\n<\/span><\/strong><\/h1>\n<h2><span style=\"color: #000000;\">&#8211; najlepszy film: OFF RAMP<br \/>\n<\/span><\/h2>\n<h2><span style=\"color: #000000;\">&#8211; najlepsza re\u017cyseria: HUMANISTYCZNY WAMPIR POSZUKUJ\u0104CY OSOBY SAMOB\u00d3JCZEJ<br \/>\n<\/span><\/h2>\n<h2><span style=\"color: #000000;\">&#8211; najlepszy scenariusz: SLEEP<br \/>\n<\/span><\/h2>\n<h2><span style=\"color: #000000;\">&#8211; najstraszniejszy film: PANDEMONIUM<br \/>\n<\/span><\/h2>\n<h2><span style=\"color: #000000;\">&#8211; najbardziej szokuj\u0105cy film: STOLIK KAWOWY<br \/>\n<\/span><\/h2>\n<h2><span style=\"color: #000000;\">&#8211; najlepsze efekty specjalne: ROBACTWO<br \/>\n<\/span><\/h2>\n<h2><span style=\"color: #000000;\">W konkursie udzia\u0142 wzi\u0119\u0142y wszystkie filmy pe\u0142nometra\u017cowe z wy\u0142\u0105czeniem sekcji Kultowe Klasyki i go\u015bcinnego cyklu \u201eNajlepsze z Najgorszych\u201d.<\/span><\/h2>\n<h1><\/h1>\n<h2><span style=\"color: #000000;\">\u00a0<\/span><\/h2>\n<p>&nbsp;<\/p>\n<h1><strong><span style=\"color: #000000;\">NAGRODY PUBLICZNO\u015aCI \u2013 FILMY KR\u00d3TKOMETRA\u017bOWE, ZWYCI\u0118ZCA:<br \/>\n<\/span><\/strong><\/h1>\n<h2><span style=\"color: #000000;\">&#8211; najlepszy film: ODGRZEB<br \/>\n<\/span><\/h2>\n<p>&nbsp;<\/p>\n<h2><span style=\"color: #000000;\">W konkursie udzia\u0142 wzi\u0119\u0142y wszystkie filmy kr\u00f3tkometra\u017cowe z wy\u0142\u0105czeniem Bloku Film\u00f3w Kr\u00f3tkometra\u017cowych M\u00c9LI\u00c8S D\u2019ARGENT.<\/span><\/h2>\n<h2><\/h2>\n<p>&nbsp;<\/p>\n<h1><strong><span style=\"color: #000000;\">NAGRODY PUBLICZNO\u015aCI \u2013 KONKURS M\u00c9LI\u00c8S D\u2019ARGENT, ZWYCI\u0118ZCA:<br \/>\n<\/span><\/strong><\/h1>\n<h2><span style=\"color: #000000;\">&#8211; Najlepszy Film: KIDDO<\/span><\/h2>\n<p>&nbsp;<\/p>\n<h2><span style=\"color: #000000;\">Splat!FilmFest jako cz\u0142onek The M\u00e9li\u00e8s International Festivals Federation jest organizatorem specjalnego konkursu M\u00c9LI\u00c8S D\u2019ARGENT. W konkursie wzi\u0119\u0142o udzia\u0142 6 europejskich film\u00f3w kr\u00f3tkometra\u017cowych wyselekcjonowanych przez Splat!FilmFest. Na najlepszy film zag\u0142osowali widzowie.<\/span><\/h2>\n<h2><span style=\"color: #000000;\">W konkursie udzia\u0142 wzi\u0119\u0142y filmy z Bloku Film\u00f3w Kr\u00f3tkometra\u017cowych M\u00c9LI\u00c8S D\u2019ARGENT.<\/span><\/h2>\n<p>[\/film_discover][\/vc_column][\/vc_row][vc_row][\/vc_row]<\/p>","protected":false},"excerpt":{"rendered":"<p>[vc_row][vc_column][film_discover style_discover=&#8221;3&#8243; image=&#8221;14047&#8243;] Podczas festiwalu 9. Splat!FilmFest 2023 w Warszawie i Wroc\u0142awiu widzki oraz widzowie zag\u0142osowali na Nagrody Publiczno\u015bci dla film\u00f3w pe\u0142nometra\u017cowych i kr\u00f3tkometra\u017cowych w kilku kategoriach NAGRODY PUBLICZNO\u015aCI \u2013 FILMY PE\u0141NOMETRA\u017bOWE &#8211; ZWYCI\u0118ZCY &#8211; najlepszy film: OFF RAMP &#8211; najlepsza re\u017cyseria: HUMANISTYCZNY WAMPIR POSZUKUJ\u0104CY OSOBY SAMOB\u00d3JCZEJ &#8211; najlepszy scenariusz: SLEEP &#8211; najstraszniejszy film: PANDEMONIUM &#8211; najbardziej szokuj\u0105cy film: STOLIK KAWOWY &#8211; najlepsze efekty specjalne: ROBACTWO W konkursie udzia\u0142 wzi\u0119\u0142y wszystkie filmy pe\u0142nometra\u017cowe z wy\u0142\u0105czeniem sekcji Kultowe Klasyki i go\u015bcinnego cyklu \u201eNajlepsze z Najgorszych\u201d. \u00a0 &nbsp; NAGRODY PUBLICZNO\u015aCI \u2013 FILMY KR\u00d3TKOMETRA\u017bOWE, ZWYCI\u0118ZCA: &#8211; najlepszy film: ODGRZEB &nbsp; W konkursie udzia\u0142 wzi\u0119\u0142y wszystkie filmy kr\u00f3tkometra\u017cowe z wy\u0142\u0105czeniem Bloku Film\u00f3w Kr\u00f3tkometra\u017cowych M\u00c9LI\u00c8S [&hellip;]<\/p>\n","protected":false},"author":1,"featured_media":0,"parent":0,"menu_order":0,"comment_status":"closed","ping_status":"closed","template":"","meta":[],"yoast_head":"<!-- This site is optimized with the Yoast SEO plugin v15.2.1 - https:\/\/yoast.com\/wordpress\/plugins\/seo\/ -->\n<title>NAGRODY PUBLICZNO\u015aCI - Splat!FilmFest<\/title>\n<meta name=\"robots\" content=\"index, follow, max-snippet:-1, max-image-preview:large, max-video-preview:-1\" \/>\n<link rel=\"canonical\" href=\"https:\/\/www.archive.splatfilmfest.com\/index.php\/audienceawards2023\/\" \/>\n<meta property=\"og:locale\" content=\"pl_PL\" \/>\n<meta property=\"og:type\" content=\"article\" \/>\n<meta property=\"og:title\" content=\"[:pl]NAGRODY PUBLICZNO\u015aCI[:en]AUDIENCE AWARDS[:] - Splat!FilmFest\" \/>\n<meta property=\"og:description\" content=\"[vc_row][vc_column][film_discover style_discover=&#8221;3&#8243; image=&#8221;14047&#8243;] Podczas festiwalu 9. Splat!FilmFest 2023 w Warszawie i Wroc\u0142awiu widzki oraz widzowie zag\u0142osowali na Nagrody Publiczno\u015bci dla film\u00f3w pe\u0142nometra\u017cowych i kr\u00f3tkometra\u017cowych w kilku kategoriach NAGRODY PUBLICZNO\u015aCI \u2013 FILMY PE\u0141NOMETRA\u017bOWE &#8211; ZWYCI\u0118ZCY &#8211; najlepszy film: OFF RAMP &#8211; najlepsza re\u017cyseria: HUMANISTYCZNY WAMPIR POSZUKUJ\u0104CY OSOBY SAMOB\u00d3JCZEJ &#8211; najlepszy scenariusz: SLEEP &#8211; najstraszniejszy film: PANDEMONIUM &#8211; najbardziej szokuj\u0105cy film: STOLIK KAWOWY &#8211; najlepsze efekty specjalne: ROBACTWO W konkursie udzia\u0142 wzi\u0119\u0142y wszystkie filmy pe\u0142nometra\u017cowe z wy\u0142\u0105czeniem sekcji Kultowe Klasyki i go\u015bcinnego cyklu \u201eNajlepsze z Najgorszych\u201d. \u00a0 &nbsp; NAGRODY PUBLICZNO\u015aCI \u2013 FILMY KR\u00d3TKOMETRA\u017bOWE, ZWYCI\u0118ZCA: &#8211; najlepszy film: ODGRZEB &nbsp; W konkursie udzia\u0142 wzi\u0119\u0142y wszystkie filmy kr\u00f3tkometra\u017cowe z wy\u0142\u0105czeniem Bloku Film\u00f3w Kr\u00f3tkometra\u017cowych M\u00c9LI\u00c8S [&hellip;]\" \/>\n<meta property=\"og:url\" content=\"https:\/\/www.archive.splatfilmfest.com\/index.php\/audienceawards2023\/\" \/>\n<meta property=\"og:site_name\" content=\"Splat!FilmFest\" \/>\n<meta property=\"article:publisher\" content=\"https:\/\/www.facebook.com\/splatfilmfest\" \/>\n<meta property=\"article:modified_time\" content=\"2023-11-06T21:46:20+00:00\" \/>\n<meta name=\"twitter:card\" content=\"summary_large_image\" \/>\n<meta name=\"twitter:creator\" content=\"@SplatFilmFest\" \/>\n<meta name=\"twitter:site\" content=\"@SplatFilmFest\" \/>\n<meta name=\"twitter:label1\" content=\"Written by\">\n\t<meta name=\"twitter:data1\" content=\"admin\">\n\t<meta name=\"twitter:label2\" content=\"Est. reading time\">\n\t<meta name=\"twitter:data2\" content=\"2 minuty\">\n<script type=\"application\/ld+json\" class=\"yoast-schema-graph\">{\"@context\":\"https:\/\/schema.org\",\"@graph\":[{\"@type\":\"WebSite\",\"@id\":\"https:\/\/www.archive.splatfilmfest.com\/#website\",\"url\":\"https:\/\/www.archive.splatfilmfest.com\/\",\"name\":\"Splat!FilmFest\",\"description\":\"\",\"potentialAction\":[{\"@type\":\"SearchAction\",\"target\":\"https:\/\/www.archive.splatfilmfest.com\/?s={search_term_string}\",\"query-input\":\"required name=search_term_string\"}],\"inLanguage\":\"pl-PL\"},{\"@type\":\"WebPage\",\"@id\":\"https:\/\/www.archive.splatfilmfest.com\/index.php\/audienceawards2023\/#webpage\",\"url\":\"https:\/\/www.archive.splatfilmfest.com\/index.php\/audienceawards2023\/\",\"name\":\"[:pl]NAGRODY PUBLICZNO\\u015aCI[:en]AUDIENCE AWARDS[:] - Splat!FilmFest\",\"isPartOf\":{\"@id\":\"https:\/\/www.archive.splatfilmfest.com\/#website\"},\"datePublished\":\"2023-10-09T21:12:05+00:00\",\"dateModified\":\"2023-11-06T21:46:20+00:00\",\"inLanguage\":\"pl-PL\",\"potentialAction\":[{\"@type\":\"ReadAction\",\"target\":[\"https:\/\/www.archive.splatfilmfest.com\/index.php\/audienceawards2023\/\"]}]}]}<\/script>\n<!-- \/ Yoast SEO plugin. -->","_links":{"self":[{"href":"https:\/\/www.archive.splatfilmfest.com\/index.php\/wp-json\/wp\/v2\/pages\/14044"}],"collection":[{"href":"https:\/\/www.archive.splatfilmfest.com\/index.php\/wp-json\/wp\/v2\/pages"}],"about":[{"href":"https:\/\/www.archive.splatfilmfest.com\/index.php\/wp-json\/wp\/v2\/types\/page"}],"author":[{"embeddable":true,"href":"https:\/\/www.archive.splatfilmfest.com\/index.php\/wp-json\/wp\/v2\/users\/1"}],"replies":[{"embeddable":true,"href":"https:\/\/www.archive.splatfilmfest.com\/index.php\/wp-json\/wp\/v2\/comments?post=14044"}],"version-history":[{"count":15,"href":"https:\/\/www.archive.splatfilmfest.com\/index.php\/wp-json\/wp\/v2\/pages\/14044\/revisions"}],"predecessor-version":[{"id":14157,"href":"https:\/\/www.archive.splatfilmfest.com\/index.php\/wp-json\/wp\/v2\/pages\/14044\/revisions\/14157"}],"wp:attachment":[{"href":"https:\/\/www.archive.splatfilmfest.com\/index.php\/wp-json\/wp\/v2\/media?parent=14044"}],"curies":[{"name":"wp","href":"https:\/\/api.w.org\/{rel}","templated":true}]}}