{"id":13850,"date":"2023-10-03T00:13:00","date_gmt":"2023-10-02T22:13:00","guid":{"rendered":"https:\/\/www.archive.splatfilmfest.com\/?page_id=13850"},"modified":"2023-10-08T11:23:59","modified_gmt":"2023-10-08T09:23:59","slug":"warszawa2023","status":"publish","type":"page","link":"https:\/\/www.archive.splatfilmfest.com\/index.php\/warszawa2023\/","title":{"rendered":"WARSZAWA"},"content":{"rendered":"<p>[vc_row][vc_column][film_textblock text_small=&#8221;IX INTERNATIONAL FANTASTIC FILM FESTIVAL&#8221; text_big=&#8221;9. Splat!FilmFest 2023 WARSZAWA&#8221;][vc_empty_space][vc_empty_space][\/vc_column][\/vc_row][vc_row][vc_column][vc_empty_space][film_textblock text_small=&#8221;features&#8221; text_big=&#8221;STRACH I TERROR&#8221;][vc_empty_space][vc_empty_space][\/vc_column][\/vc_row][vc_row][vc_column][vc_empty_space][\/vc_column][\/vc_row][vc_row][vc_column][film_video film_style=&#8221;1&#8243; film_list_id=&#8221;13560, 13490, 13489, 13447, 13500, 13523, 13502, 13499, 13527, 13492, 13285, 13608, 13285, 13450, 13284&#8243;][vc_empty_space][\/vc_column][\/vc_row][vc_row][vc_column][vc_empty_space][film_textblock text_small=&#8221;features&#8221; text_big=&#8221;STRASZNIE \u015aMIESZNIE&#8221;][vc_empty_space][vc_empty_space][\/vc_column][\/vc_row][vc_row][vc_column][vc_empty_space][\/vc_column][\/vc_row][vc_row][vc_column][film_video film_style=&#8221;1&#8243; film_list_id=&#8221;13508, 13480, 13484, 13532, 13607, 13449, 13479, 13558&#8243;][vc_empty_space][vc_empty_space][film_textblock text_small=&#8221;features&#8221; text_big=&#8221;FANTASTYCZNIE&#8221;][vc_empty_space][vc_empty_space][film_video film_style=&#8221;1&#8243; film_list_id=&#8221;13286, 13287, 13528&#8243;][vc_empty_space][vc_empty_space][vc_empty_space][film_textblock text_small=&#8221;features&#8221; text_big=&#8221;WTF&#8221;][vc_empty_space][vc_empty_space][\/vc_column][\/vc_row][vc_row][vc_column][vc_empty_space][\/vc_column][\/vc_row][vc_row][vc_column][film_video film_style=&#8221;1&#8243; film_list_id=&#8221;13613, 13509, 13506&#8243;][vc_empty_space][vc_empty_space][\/vc_column][\/vc_row][vc_row][vc_column][vc_empty_space][vc_empty_space][film_textblock text_small=&#8221;features&#8221; text_big=&#8221;DOKUMENTY&#8221;][vc_empty_space][vc_empty_space][\/vc_column][\/vc_row][vc_row][vc_column][vc_empty_space][\/vc_column][\/vc_row][vc_row][vc_column][film_video film_style=&#8221;1&#8243; film_list_id=&#8221;13511, 13491&#8243;][\/vc_column][\/vc_row][vc_row][vc_column][vc_empty_space][vc_empty_space][film_textblock text_small=&#8221;features&#8221; text_big=&#8221;KULTOWE KLASYKI&#8221;][vc_empty_space][vc_empty_space][\/vc_column][\/vc_row][vc_row][vc_column][vc_empty_space][\/vc_column][\/vc_row][vc_row][vc_column][film_video film_style=&#8221;1&#8243; film_list_id=&#8221;13503&#8243;][vc_empty_space][\/vc_column][\/vc_row][vc_row][vc_column][vc_empty_space][film_textblock text_big=&#8221;cykl NAJLEPSZE Z NAJGORSZYCH&#8221;][vc_empty_space][vc_empty_space][film_video film_style=&#8221;1&#8243; film_list_id=&#8221;13833&#8243;][\/vc_column][\/vc_row][vc_row][vc_column][vc_empty_space][\/vc_column][\/vc_row][vc_row][vc_column][vc_empty_space][vc_empty_space][film_textblock text_small=&#8221;kr\u00f3tkometra\u017cowe&#8221; text_big=&#8221;KR\u00d3TKOMETRA\u017bOWE WKR\u00d3TCE&#8221;][vc_empty_space][vc_empty_space][film_textblock text_big=&#8221;GO\u015aCIE WKR\u00d3TCE&#8221;][\/vc_column][\/vc_row][vc_column][\/vc_column][vc_column_text][\/vc_column_text]<\/p>","protected":false},"excerpt":{"rendered":"<p>[vc_row][vc_column][film_textblock text_small=&#8221;IX INTERNATIONAL FANTASTIC FILM FESTIVAL&#8221; text_big=&#8221;9. Splat!FilmFest 2023 WARSZAWA&#8221;][vc_empty_space][vc_empty_space][\/vc_column][\/vc_row][vc_row][vc_column][vc_empty_space][film_textblock text_small=&#8221;features&#8221; text_big=&#8221;STRACH I TERROR&#8221;][vc_empty_space][vc_empty_space][\/vc_column][\/vc_row][vc_row][vc_column][vc_empty_space][\/vc_column][\/vc_row][vc_row][vc_column][film_video film_style=&#8221;1&#8243; film_list_id=&#8221;13560, 13490, 13489, 13447, 13500, 13523, 13502, 13499, 13527, 13492, 13285, 13608, 13285, 13450, 13284&#8243;][vc_empty_space][\/vc_column][\/vc_row][vc_row][vc_column][vc_empty_space][film_textblock text_small=&#8221;features&#8221; text_big=&#8221;STRASZNIE \u015aMIESZNIE&#8221;][vc_empty_space][vc_empty_space][\/vc_column][\/vc_row][vc_row][vc_column][vc_empty_space][\/vc_column][\/vc_row][vc_row][vc_column][film_video film_style=&#8221;1&#8243; film_list_id=&#8221;13508, 13480, 13484, 13532, 13607, 13449, 13479, 13558&#8243;][vc_empty_space][vc_empty_space][film_textblock text_small=&#8221;features&#8221; text_big=&#8221;FANTASTYCZNIE&#8221;][vc_empty_space][vc_empty_space][film_video film_style=&#8221;1&#8243; film_list_id=&#8221;13286, 13287, 13528&#8243;][vc_empty_space][vc_empty_space][vc_empty_space][film_textblock text_small=&#8221;features&#8221; text_big=&#8221;WTF&#8221;][vc_empty_space][vc_empty_space][\/vc_column][\/vc_row][vc_row][vc_column][vc_empty_space][\/vc_column][\/vc_row][vc_row][vc_column][film_video film_style=&#8221;1&#8243; film_list_id=&#8221;13613, 13509, 13506&#8243;][vc_empty_space][vc_empty_space][\/vc_column][\/vc_row][vc_row][vc_column][vc_empty_space][vc_empty_space][film_textblock text_small=&#8221;features&#8221; text_big=&#8221;DOKUMENTY&#8221;][vc_empty_space][vc_empty_space][\/vc_column][\/vc_row][vc_row][vc_column][vc_empty_space][\/vc_column][\/vc_row][vc_row][vc_column][film_video film_style=&#8221;1&#8243; film_list_id=&#8221;13511, 13491&#8243;][\/vc_column][\/vc_row][vc_row][vc_column][vc_empty_space][vc_empty_space][film_textblock text_small=&#8221;features&#8221; text_big=&#8221;KULTOWE KLASYKI&#8221;][vc_empty_space][vc_empty_space][\/vc_column][\/vc_row][vc_row][vc_column][vc_empty_space][\/vc_column][\/vc_row][vc_row][vc_column][film_video film_style=&#8221;1&#8243; film_list_id=&#8221;13503&#8243;][vc_empty_space][\/vc_column][\/vc_row][vc_row][vc_column][vc_empty_space][film_textblock text_big=&#8221;cykl NAJLEPSZE Z NAJGORSZYCH&#8221;][vc_empty_space][vc_empty_space][film_video film_style=&#8221;1&#8243; film_list_id=&#8221;13833&#8243;][\/vc_column][\/vc_row][vc_row][vc_column][vc_empty_space][\/vc_column][\/vc_row][vc_row][vc_column][vc_empty_space][vc_empty_space][film_textblock text_small=&#8221;kr\u00f3tkometra\u017cowe&#8221; text_big=&#8221;KR\u00d3TKOMETRA\u017bOWE WKR\u00d3TCE&#8221;][vc_empty_space][vc_empty_space][film_textblock text_big=&#8221;GO\u015aCIE WKR\u00d3TCE&#8221;][\/vc_column][\/vc_row][vc_column][\/vc_column][vc_column_text][\/vc_column_text]<\/p>\n","protected":false},"author":1,"featured_media":13541,"parent":0,"menu_order":0,"comment_status":"closed","ping_status":"closed","template":"template-nonesidebar.php","meta":[],"yoast_head":"<!-- This site is optimized with the Yoast SEO plugin v15.2.1 - https:\/\/yoast.com\/wordpress\/plugins\/seo\/ -->\n<title>WARSZAWA - Splat!FilmFest<\/title>\n<meta name=\"robots\" content=\"index, follow, max-snippet:-1, max-image-preview:large, max-video-preview:-1\" \/>\n<link rel=\"canonical\" href=\"https:\/\/www.archive.splatfilmfest.com\/index.php\/warszawa2023\/\" \/>\n<meta property=\"og:locale\" content=\"pl_PL\" \/>\n<meta property=\"og:type\" content=\"article\" \/>\n<meta property=\"og:title\" content=\"[:pl]WARSZAWA[:en]WARSAW[:] - Splat!FilmFest\" \/>\n<meta property=\"og:description\" content=\"[vc_row][vc_column][film_textblock text_small=&#8221;IX INTERNATIONAL FANTASTIC FILM FESTIVAL&#8221; text_big=&#8221;9. Splat!FilmFest 2023 WARSZAWA&#8221;][vc_empty_space][vc_empty_space][\/vc_column][\/vc_row][vc_row][vc_column][vc_empty_space][film_textblock text_small=&#8221;features&#8221; text_big=&#8221;STRACH I TERROR&#8221;][vc_empty_space][vc_empty_space][\/vc_column][\/vc_row][vc_row][vc_column][vc_empty_space][\/vc_column][\/vc_row][vc_row][vc_column][film_video film_style=&#8221;1&#8243; film_list_id=&#8221;13560, 13490, 13489, 13447, 13500, 13523, 13502, 13499, 13527, 13492, 13285, 13608, 13285, 13450, 13284&#8243;][vc_empty_space][\/vc_column][\/vc_row][vc_row][vc_column][vc_empty_space][film_textblock text_small=&#8221;features&#8221; text_big=&#8221;STRASZNIE \u015aMIESZNIE&#8221;][vc_empty_space][vc_empty_space][\/vc_column][\/vc_row][vc_row][vc_column][vc_empty_space][\/vc_column][\/vc_row][vc_row][vc_column][film_video film_style=&#8221;1&#8243; film_list_id=&#8221;13508, 13480, 13484, 13532, 13607, 13449, 13479, 13558&#8243;][vc_empty_space][vc_empty_space][film_textblock text_small=&#8221;features&#8221; text_big=&#8221;FANTASTYCZNIE&#8221;][vc_empty_space][vc_empty_space][film_video film_style=&#8221;1&#8243; film_list_id=&#8221;13286, 13287, 13528&#8243;][vc_empty_space][vc_empty_space][vc_empty_space][film_textblock text_small=&#8221;features&#8221; text_big=&#8221;WTF&#8221;][vc_empty_space][vc_empty_space][\/vc_column][\/vc_row][vc_row][vc_column][vc_empty_space][\/vc_column][\/vc_row][vc_row][vc_column][film_video film_style=&#8221;1&#8243; film_list_id=&#8221;13613, 13509, 13506&#8243;][vc_empty_space][vc_empty_space][\/vc_column][\/vc_row][vc_row][vc_column][vc_empty_space][vc_empty_space][film_textblock text_small=&#8221;features&#8221; text_big=&#8221;DOKUMENTY&#8221;][vc_empty_space][vc_empty_space][\/vc_column][\/vc_row][vc_row][vc_column][vc_empty_space][\/vc_column][\/vc_row][vc_row][vc_column][film_video film_style=&#8221;1&#8243; film_list_id=&#8221;13511, 13491&#8243;][\/vc_column][\/vc_row][vc_row][vc_column][vc_empty_space][vc_empty_space][film_textblock text_small=&#8221;features&#8221; text_big=&#8221;KULTOWE KLASYKI&#8221;][vc_empty_space][vc_empty_space][\/vc_column][\/vc_row][vc_row][vc_column][vc_empty_space][\/vc_column][\/vc_row][vc_row][vc_column][film_video film_style=&#8221;1&#8243; film_list_id=&#8221;13503&#8243;][vc_empty_space][\/vc_column][\/vc_row][vc_row][vc_column][vc_empty_space][film_textblock text_big=&#8221;cykl NAJLEPSZE Z NAJGORSZYCH&#8221;][vc_empty_space][vc_empty_space][film_video film_style=&#8221;1&#8243; film_list_id=&#8221;13833&#8243;][\/vc_column][\/vc_row][vc_row][vc_column][vc_empty_space][\/vc_column][\/vc_row][vc_row][vc_column][vc_empty_space][vc_empty_space][film_textblock text_small=&#8221;kr\u00f3tkometra\u017cowe&#8221; text_big=&#8221;KR\u00d3TKOMETRA\u017bOWE WKR\u00d3TCE&#8221;][vc_empty_space][vc_empty_space][film_textblock text_big=&#8221;GO\u015aCIE WKR\u00d3TCE&#8221;][\/vc_column][\/vc_row][vc_column][\/vc_column][vc_column_text][\/vc_column_text]\" \/>\n<meta property=\"og:url\" content=\"https:\/\/www.archive.splatfilmfest.com\/index.php\/warszawa2023\/\" \/>\n<meta property=\"og:site_name\" content=\"Splat!FilmFest\" \/>\n<meta property=\"article:publisher\" content=\"https:\/\/www.facebook.com\/splatfilmfest\" \/>\n<meta property=\"article:modified_time\" content=\"2023-10-08T09:23:59+00:00\" \/>\n<meta property=\"og:image\" content=\"https:\/\/www.archive.splatfilmfest.com\/wp-content\/uploads\/2023\/09\/BANER-BEZ-KRWI.png\" \/>\n\t<meta property=\"og:image:width\" content=\"1920\" \/>\n\t<meta property=\"og:image:height\" content=\"1080\" \/>\n<meta name=\"twitter:card\" content=\"summary_large_image\" \/>\n<meta name=\"twitter:creator\" content=\"@SplatFilmFest\" \/>\n<meta name=\"twitter:site\" content=\"@SplatFilmFest\" \/>\n<meta name=\"twitter:label1\" content=\"Written by\">\n\t<meta name=\"twitter:data1\" content=\"admin\">\n\t<meta name=\"twitter:label2\" content=\"Est. reading time\">\n\t<meta name=\"twitter:data2\" content=\"3 minuty\">\n<script type=\"application\/ld+json\" class=\"yoast-schema-graph\">{\"@context\":\"https:\/\/schema.org\",\"@graph\":[{\"@type\":\"WebSite\",\"@id\":\"https:\/\/www.archive.splatfilmfest.com\/#website\",\"url\":\"https:\/\/www.archive.splatfilmfest.com\/\",\"name\":\"Splat!FilmFest\",\"description\":\"\",\"potentialAction\":[{\"@type\":\"SearchAction\",\"target\":\"https:\/\/www.archive.splatfilmfest.com\/?s={search_term_string}\",\"query-input\":\"required name=search_term_string\"}],\"inLanguage\":\"pl-PL\"},{\"@type\":\"ImageObject\",\"@id\":\"https:\/\/www.archive.splatfilmfest.com\/index.php\/warszawa2023\/#primaryimage\",\"inLanguage\":\"pl-PL\",\"url\":\"https:\/\/www.archive.splatfilmfest.com\/wp-content\/uploads\/2023\/09\/BANER-BEZ-KRWI.png\",\"width\":1920,\"height\":1080},{\"@type\":\"WebPage\",\"@id\":\"https:\/\/www.archive.splatfilmfest.com\/index.php\/warszawa2023\/#webpage\",\"url\":\"https:\/\/www.archive.splatfilmfest.com\/index.php\/warszawa2023\/\",\"name\":\"[:pl]WARSZAWA[:en]WARSAW[:] - Splat!FilmFest\",\"isPartOf\":{\"@id\":\"https:\/\/www.archive.splatfilmfest.com\/#website\"},\"primaryImageOfPage\":{\"@id\":\"https:\/\/www.archive.splatfilmfest.com\/index.php\/warszawa2023\/#primaryimage\"},\"datePublished\":\"2023-10-02T22:13:00+00:00\",\"dateModified\":\"2023-10-08T09:23:59+00:00\",\"inLanguage\":\"pl-PL\",\"potentialAction\":[{\"@type\":\"ReadAction\",\"target\":[\"https:\/\/www.archive.splatfilmfest.com\/index.php\/warszawa2023\/\"]}]}]}<\/script>\n<!-- \/ Yoast SEO plugin. -->","_links":{"self":[{"href":"https:\/\/www.archive.splatfilmfest.com\/index.php\/wp-json\/wp\/v2\/pages\/13850"}],"collection":[{"href":"https:\/\/www.archive.splatfilmfest.com\/index.php\/wp-json\/wp\/v2\/pages"}],"about":[{"href":"https:\/\/www.archive.splatfilmfest.com\/index.php\/wp-json\/wp\/v2\/types\/page"}],"author":[{"embeddable":true,"href":"https:\/\/www.archive.splatfilmfest.com\/index.php\/wp-json\/wp\/v2\/users\/1"}],"replies":[{"embeddable":true,"href":"https:\/\/www.archive.splatfilmfest.com\/index.php\/wp-json\/wp\/v2\/comments?post=13850"}],"version-history":[{"count":9,"href":"https:\/\/www.archive.splatfilmfest.com\/index.php\/wp-json\/wp\/v2\/pages\/13850\/revisions"}],"predecessor-version":[{"id":13959,"href":"https:\/\/www.archive.splatfilmfest.com\/index.php\/wp-json\/wp\/v2\/pages\/13850\/revisions\/13959"}],"wp:featuredmedia":[{"embeddable":true,"href":"https:\/\/www.archive.splatfilmfest.com\/index.php\/wp-json\/wp\/v2\/media\/13541"}],"wp:attachment":[{"href":"https:\/\/www.archive.splatfilmfest.com\/index.php\/wp-json\/wp\/v2\/media?parent=13850"}],"curies":[{"name":"wp","href":"https:\/\/api.w.org\/{rel}","templated":true}]}}