{"id":13231,"date":"2023-06-05T18:39:35","date_gmt":"2023-06-05T16:39:35","guid":{"rendered":"https:\/\/www.archive.splatfilmfest.com\/?page_id=13231"},"modified":"2024-07-11T16:17:25","modified_gmt":"2024-07-11T14:17:25","slug":"praca2024","status":"publish","type":"page","link":"https:\/\/www.archive.splatfilmfest.com\/index.php\/praca2024\/","title":{"rendered":"PRACA"},"content":{"rendered":"<p><\/p>\n<h2><span style=\"color: #000000;\"><img loading=\"lazy\" class=\"aligncenter size-full wp-image-14210\" src=\"https:\/\/www.archive.splatfilmfest.com\/wp-content\/uploads\/2024\/06\/PRACA2.png\" alt=\"\" width=\"1920\" height=\"1080\" srcset=\"https:\/\/www.archive.splatfilmfest.com\/wp-content\/uploads\/2024\/06\/PRACA2.png 1920w, https:\/\/www.archive.splatfilmfest.com\/wp-content\/uploads\/2024\/06\/PRACA2-768x432.png 768w, https:\/\/www.archive.splatfilmfest.com\/wp-content\/uploads\/2024\/06\/PRACA2-1536x864.png 1536w, https:\/\/www.archive.splatfilmfest.com\/wp-content\/uploads\/2024\/06\/PRACA2-960x540.png 960w, https:\/\/www.archive.splatfilmfest.com\/wp-content\/uploads\/2024\/06\/PRACA2-320x180.png 320w, https:\/\/www.archive.splatfilmfest.com\/wp-content\/uploads\/2024\/06\/PRACA2-1440x810.png 1440w\" sizes=\"(max-width: 1920px) 100vw, 1920px\" \/><\/span><\/h2>\n<h2><span style=\"color: #000000;\">REKRUTUJEMY NA STANOWISKA:<\/span><\/h2>\n<h2><span style=\"color: #000000;\"><strong>1)<\/strong><\/span><\/h2>\n<h1><span style=\"color: #000000;\"><strong>koordynator_ka festiwalu filmowego Splat!FilmFest<\/strong><\/span><\/h1>\n<h2><span style=\"color: #000000;\">FORMA ZATRUDNIENIA: umowa dzie\u0142o\/zlecenie\/B2B<\/span><\/h2>\n<h2><span style=\"color: #000000;\">WYNAGRODZENIE: 5000 z\u0142 &#8211; 7000 z\u0142 brutto<\/span><\/h2>\n<h2><span style=\"color: #000000;\">MIASTO: Warszawa<\/span><\/h2>\n<h2><span style=\"color: #000000;\">CZAS TRWANIA OFERTY: 26.06 &#8211; 14.07.2024<\/span><\/h2>\n<h2><span style=\"color: #000000;\">OPIS STANOWISKA: <\/span><\/h2>\n<h2><span style=\"color: #000000;\">m.in.<\/span><\/h2>\n<h2><span style=\"color: #000000;\">&#8211; organizacja mi\u0119dzynarodowego festiwalu filmowego<\/span><br \/>\n<span style=\"color: #000000;\">&#8211; koordynacja dzia\u0142a\u0144 os\u00f3b i dzia\u0142\u00f3w zaanga\u017cowanych w realizacj\u0119 festiwalu<\/span><br \/>\n<span style=\"color: #000000;\">&#8211; logistyka no\u015bnik\u00f3w filmowych i plik\u00f3w<\/span><br \/>\n<span style=\"color: #000000;\">&#8211; kontakt z tw\u00f3rcami filmowymi, dystrybutorami i agentami sprzeda\u017cy<\/span><br \/>\n<span style=\"color: #000000;\">&#8211; korespondencja mailowa w j\u0119zyku polskim i angielskim<\/span><br \/>\n<span style=\"color: #000000;\">&#8211; pe\u0142ny wymiar pracy<\/span><\/h2>\n<h2><span style=\"color: #000000;\">Pe\u0142na oferta pracy na pod linkiem: <a style=\"color: #000000;\" href=\"https:\/\/pracujwkulturze.nck.pl\/praca\/koordynator_ka-festiwalu-filmowego-splatfilmfest\/?editOffer\" target=\"_blank\" rel=\"noopener noreferrer\"><strong>PRACUJ W KULTURZE<\/strong><\/a><\/span><\/h2>\n<h2><span style=\"color: #000000;\">2)<\/span><\/h2>\n<h1><span style=\"color: #000000;\"><strong>specjalista_ka ds. medi\u00f3w spo\u0142eczno\u015bciowych i promocji wydarze\u0144 filmowych<\/strong><\/span><\/h1>\n<h2><span style=\"color: #000000;\">FORMA ZATRUDNIENIA: umowa dzie\u0142o\/zlecenie\/B2B<\/span><\/h2>\n<h2><span style=\"color: #000000;\">WYNAGRODZENIE: 4000 z\u0142 &#8211; 5000 z\u0142 brutto<\/span><\/h2>\n<h2><span style=\"color: #000000;\">MIASTO: Warszawa<\/span><\/h2>\n<h2><span style=\"color: #000000;\">CZAS TRWANIA OFERTY: 26.06 &#8211; 14.07.2024<\/span><\/h2>\n<h2><span style=\"color: #000000;\">OPIS STANOWISKA:<\/span><\/h2>\n<h2><span style=\"color: #000000;\">M.in.<\/span><br \/>\n<span style=\"color: #000000;\">&#8211; prowadzenie profili wydarze\u0144 filmowych (Splat!FilmFest, Najlepsze z Najgorszych) w mediach spo\u0142eczno\u015bciowych (Facebook, Instagram, TikTok)<\/span><br \/>\n<span style=\"color: #000000;\">&#8211; opracowanie i wdra\u017canie strategii promocyjnej<\/span><br \/>\n<span style=\"color: #000000;\">&#8211; kontakt z mediami i patronatami medialnymi<\/span><br \/>\n<span style=\"color: #000000;\">&#8211; koordynacja materia\u0142\u00f3w promocyjnych<\/span><br \/>\n<span style=\"color: #000000;\">&#8211; tworzenie materia\u0142\u00f3w graficznych<\/span><\/h2>\n<p>&nbsp;<\/p>\n<h2><span style=\"color: #000000;\">Pe\u0142na oferta pracy pod linkiem: <a style=\"color: #000000;\" href=\"https:\/\/pracujwkulturze.nck.pl\/praca\/specjalista_ka-ds-mediow-spolecznosciowych-i-promocji-wydarzen-filmowych_45577\/\" target=\"_blank\" rel=\"noopener noreferrer\"><strong>PRACUJ W KULTURZE<\/strong><\/a><\/span><\/h2>\n<h2><\/h2>\n<p><\/p>","protected":false},"excerpt":{"rendered":"<p>REKRUTUJEMY NA STANOWISKA: 1) koordynator_ka festiwalu filmowego Splat!FilmFest FORMA ZATRUDNIENIA: umowa dzie\u0142o\/zlecenie\/B2B WYNAGRODZENIE: 5000 z\u0142 &#8211; 7000 z\u0142 brutto MIASTO: Warszawa CZAS TRWANIA OFERTY: 26.06 &#8211; 14.07.2024 OPIS STANOWISKA: m.in. &#8211; organizacja mi\u0119dzynarodowego festiwalu filmowego &#8211; koordynacja dzia\u0142a\u0144 os\u00f3b i dzia\u0142\u00f3w zaanga\u017cowanych w realizacj\u0119 festiwalu &#8211; logistyka no\u015bnik\u00f3w filmowych i plik\u00f3w &#8211; kontakt z tw\u00f3rcami filmowymi, dystrybutorami i agentami sprzeda\u017cy &#8211; korespondencja mailowa w j\u0119zyku polskim i angielskim &#8211; pe\u0142ny wymiar pracy Pe\u0142na oferta pracy na pod linkiem: PRACUJ W KULTURZE 2) specjalista_ka ds. medi\u00f3w spo\u0142eczno\u015bciowych i promocji wydarze\u0144 filmowych FORMA ZATRUDNIENIA: umowa dzie\u0142o\/zlecenie\/B2B WYNAGRODZENIE: 4000 z\u0142 &#8211; 5000 z\u0142 brutto MIASTO: Warszawa CZAS TRWANIA OFERTY: 26.06 &#8211; 14.07.2024 OPIS [&hellip;]<\/p>\n","protected":false},"author":1,"featured_media":14210,"parent":0,"menu_order":0,"comment_status":"closed","ping_status":"closed","template":"","meta":[],"yoast_head":"<!-- This site is optimized with the Yoast SEO plugin v15.2.1 - https:\/\/yoast.com\/wordpress\/plugins\/seo\/ -->\n<title>PRACA - Splat!FilmFest<\/title>\n<meta name=\"robots\" content=\"index, follow, max-snippet:-1, max-image-preview:large, max-video-preview:-1\" \/>\n<link rel=\"canonical\" href=\"https:\/\/www.archive.splatfilmfest.com\/index.php\/praca2024\/\" \/>\n<meta property=\"og:locale\" content=\"pl_PL\" \/>\n<meta property=\"og:type\" content=\"article\" \/>\n<meta property=\"og:title\" content=\"PRACA - Splat!FilmFest\" \/>\n<meta property=\"og:description\" content=\"REKRUTUJEMY NA STANOWISKA: 1) koordynator_ka festiwalu filmowego Splat!FilmFest FORMA ZATRUDNIENIA: umowa dzie\u0142o\/zlecenie\/B2B WYNAGRODZENIE: 5000 z\u0142 &#8211; 7000 z\u0142 brutto MIASTO: Warszawa CZAS TRWANIA OFERTY: 26.06 &#8211; 14.07.2024 OPIS STANOWISKA: m.in. &#8211; organizacja mi\u0119dzynarodowego festiwalu filmowego &#8211; koordynacja dzia\u0142a\u0144 os\u00f3b i dzia\u0142\u00f3w zaanga\u017cowanych w realizacj\u0119 festiwalu &#8211; logistyka no\u015bnik\u00f3w filmowych i plik\u00f3w &#8211; kontakt z tw\u00f3rcami filmowymi, dystrybutorami i agentami sprzeda\u017cy &#8211; korespondencja mailowa w j\u0119zyku polskim i angielskim &#8211; pe\u0142ny wymiar pracy Pe\u0142na oferta pracy na pod linkiem: PRACUJ W KULTURZE 2) specjalista_ka ds. medi\u00f3w spo\u0142eczno\u015bciowych i promocji wydarze\u0144 filmowych FORMA ZATRUDNIENIA: umowa dzie\u0142o\/zlecenie\/B2B WYNAGRODZENIE: 4000 z\u0142 &#8211; 5000 z\u0142 brutto MIASTO: Warszawa CZAS TRWANIA OFERTY: 26.06 &#8211; 14.07.2024 OPIS [&hellip;]\" \/>\n<meta property=\"og:url\" content=\"https:\/\/www.archive.splatfilmfest.com\/index.php\/praca2024\/\" \/>\n<meta property=\"og:site_name\" content=\"Splat!FilmFest\" \/>\n<meta property=\"article:publisher\" content=\"https:\/\/www.facebook.com\/splatfilmfest\" \/>\n<meta property=\"article:modified_time\" content=\"2024-07-11T14:17:25+00:00\" \/>\n<meta property=\"og:image\" content=\"https:\/\/www.archive.splatfilmfest.com\/wp-content\/uploads\/2024\/06\/PRACA2.png\" \/>\n\t<meta property=\"og:image:width\" content=\"1920\" \/>\n\t<meta property=\"og:image:height\" content=\"1080\" \/>\n<meta name=\"twitter:card\" content=\"summary_large_image\" \/>\n<meta name=\"twitter:creator\" content=\"@SplatFilmFest\" \/>\n<meta name=\"twitter:site\" content=\"@SplatFilmFest\" \/>\n<meta name=\"twitter:label1\" content=\"Written by\">\n\t<meta name=\"twitter:data1\" content=\"admin\">\n\t<meta name=\"twitter:label2\" content=\"Est. reading time\">\n\t<meta name=\"twitter:data2\" content=\"1 minuta\">\n<script type=\"application\/ld+json\" class=\"yoast-schema-graph\">{\"@context\":\"https:\/\/schema.org\",\"@graph\":[{\"@type\":\"WebSite\",\"@id\":\"https:\/\/www.archive.splatfilmfest.com\/#website\",\"url\":\"https:\/\/www.archive.splatfilmfest.com\/\",\"name\":\"Splat!FilmFest\",\"description\":\"\",\"potentialAction\":[{\"@type\":\"SearchAction\",\"target\":\"https:\/\/www.archive.splatfilmfest.com\/?s={search_term_string}\",\"query-input\":\"required name=search_term_string\"}],\"inLanguage\":\"pl-PL\"},{\"@type\":\"ImageObject\",\"@id\":\"https:\/\/www.archive.splatfilmfest.com\/index.php\/praca2024\/#primaryimage\",\"inLanguage\":\"pl-PL\",\"url\":\"https:\/\/www.archive.splatfilmfest.com\/wp-content\/uploads\/2024\/06\/PRACA2.png\",\"width\":1920,\"height\":1080},{\"@type\":\"WebPage\",\"@id\":\"https:\/\/www.archive.splatfilmfest.com\/index.php\/praca2024\/#webpage\",\"url\":\"https:\/\/www.archive.splatfilmfest.com\/index.php\/praca2024\/\",\"name\":\"PRACA - Splat!FilmFest\",\"isPartOf\":{\"@id\":\"https:\/\/www.archive.splatfilmfest.com\/#website\"},\"primaryImageOfPage\":{\"@id\":\"https:\/\/www.archive.splatfilmfest.com\/index.php\/praca2024\/#primaryimage\"},\"datePublished\":\"2023-06-05T16:39:35+00:00\",\"dateModified\":\"2024-07-11T14:17:25+00:00\",\"inLanguage\":\"pl-PL\",\"potentialAction\":[{\"@type\":\"ReadAction\",\"target\":[\"https:\/\/www.archive.splatfilmfest.com\/index.php\/praca2024\/\"]}]}]}<\/script>\n<!-- \/ Yoast SEO plugin. -->","_links":{"self":[{"href":"https:\/\/www.archive.splatfilmfest.com\/index.php\/wp-json\/wp\/v2\/pages\/13231"}],"collection":[{"href":"https:\/\/www.archive.splatfilmfest.com\/index.php\/wp-json\/wp\/v2\/pages"}],"about":[{"href":"https:\/\/www.archive.splatfilmfest.com\/index.php\/wp-json\/wp\/v2\/types\/page"}],"author":[{"embeddable":true,"href":"https:\/\/www.archive.splatfilmfest.com\/index.php\/wp-json\/wp\/v2\/users\/1"}],"replies":[{"embeddable":true,"href":"https:\/\/www.archive.splatfilmfest.com\/index.php\/wp-json\/wp\/v2\/comments?post=13231"}],"version-history":[{"count":18,"href":"https:\/\/www.archive.splatfilmfest.com\/index.php\/wp-json\/wp\/v2\/pages\/13231\/revisions"}],"predecessor-version":[{"id":14217,"href":"https:\/\/www.archive.splatfilmfest.com\/index.php\/wp-json\/wp\/v2\/pages\/13231\/revisions\/14217"}],"wp:featuredmedia":[{"embeddable":true,"href":"https:\/\/www.archive.splatfilmfest.com\/index.php\/wp-json\/wp\/v2\/media\/14210"}],"wp:attachment":[{"href":"https:\/\/www.archive.splatfilmfest.com\/index.php\/wp-json\/wp\/v2\/media?parent=13231"}],"curies":[{"name":"wp","href":"https:\/\/api.w.org\/{rel}","templated":true}]}}