{"id":13192,"date":"2022-11-04T10:33:54","date_gmt":"2022-11-04T09:33:54","guid":{"rendered":"https:\/\/www.archive.splatfilmfest.com\/?page_id=13192"},"modified":"2022-11-04T13:56:51","modified_gmt":"2022-11-04T12:56:51","slug":"this-bitch-vogule-poland-2022","status":"publish","type":"page","link":"https:\/\/www.archive.splatfilmfest.com\/index.php\/this-bitch-vogule-poland-2022\/","title":{"rendered":"&#8220;THIS BITCH&#8221; VOGULE POLAND"},"content":{"rendered":"<h2><span style=\"color: #000000;\">[vc_row][vc_column][\/vc_column][\/vc_row][vc_row][vc_column][film_textblock text_small=&#8221;nagroda&#8221; text_big=&#8221;THIS BITCH&#8221;][film_textblock text_big=&#8221;VOGULE POLAND&#8221;][vc_empty_space][\/vc_column][\/vc_row][vc_row][vc_column][vc_single_image image=&#8221;11602&#8243; img_size=&#8221;full&#8221; alignment=&#8221;center&#8221; onclick=&#8221;custom_link&#8221; link=&#8221;https:\/\/www.facebook.com\/vogulepoland&#8221;][vc_empty_space][\/vc_column][\/vc_row][vc_row][vc_column][vc_column_text]<\/span><\/h2>\n<h2><span style=\"color: #000000;\">This Bitch Vogule Poland, czyli nagroda dla najbardziej porywaj\u0105cej (mo\u017ce kogo\u015b), niekoniecznie pozytywnej, by\u0107 mo\u017ce rozrywaj\u0105cej (si\u0119 lub innych), a na pewno ol\u015bniewaj\u0105cej postaci. Cechy? Pewno\u015b\u0107 siebie, wrodzona klasa, poczucie humoru, szczypta kampu oraz du\u017co, du\u017co uroku osobistego. To ta osoba, za kt\u00f3r\u0105 obejrzysz si\u0119 na ulicy, o kt\u00f3rej b\u0119dziesz plotkowa\u0142_a ze znajomymi, a gdy znowu co\u015b odwali, to spojrzysz na ni\u0105 z uznaniem i szepniesz z sastyfakcj\u0105: \u201eThis Bitch!&#8221;<\/span><\/h2>\n<h2><span style=\"color: #000000;\">W konkursie This Bitch Vogule Poland bior\u0105 udzia\u0142 filmy pe\u0142nometra\u017cowe prezentowane w trakcie cz\u0119\u015bci online 8. Splat!FilmFest, a zwyci\u0119sk\u0105 posta\u0107 wybiera Vogule Poland.<\/span><\/h2>\n<p>&nbsp;<\/p>\n","protected":false},"excerpt":{"rendered":"<p>[vc_row][vc_column][\/vc_column][\/vc_row][vc_row][vc_column][film_textblock text_small=&#8221;nagroda&#8221; text_big=&#8221;THIS BITCH&#8221;][film_textblock text_big=&#8221;VOGULE POLAND&#8221;][vc_empty_space][\/vc_column][\/vc_row][vc_row][vc_column][vc_single_image image=&#8221;11602&#8243; img_size=&#8221;full&#8221; alignment=&#8221;center&#8221; onclick=&#8221;custom_link&#8221; link=&#8221;https:\/\/www.facebook.com\/vogulepoland&#8221;][vc_empty_space][\/vc_column][\/vc_row][vc_row][vc_column][vc_column_text] This Bitch Vogule Poland, czyli nagroda dla najbardziej porywaj\u0105cej (mo\u017ce kogo\u015b), niekoniecznie pozytywnej, by\u0107 mo\u017ce rozrywaj\u0105cej (si\u0119 lub innych), a na pewno ol\u015bniewaj\u0105cej postaci. Cechy? Pewno\u015b\u0107 siebie, wrodzona klasa, poczucie humoru, szczypta kampu oraz du\u017co, du\u017co uroku osobistego. To ta osoba, za kt\u00f3r\u0105 obejrzysz si\u0119 na ulicy, o kt\u00f3rej b\u0119dziesz plotkowa\u0142_a ze znajomymi, a gdy znowu co\u015b odwali, to spojrzysz na ni\u0105 z uznaniem i szepniesz z sastyfakcj\u0105: \u201eThis Bitch!&#8221; W konkursie This Bitch Vogule Poland bior\u0105 udzia\u0142 filmy pe\u0142nometra\u017cowe prezentowane w trakcie cz\u0119\u015bci online 8. Splat!FilmFest, a zwyci\u0119sk\u0105 posta\u0107 wybiera Vogule Poland. &nbsp;<\/p>\n","protected":false},"author":7,"featured_media":11602,"parent":0,"menu_order":0,"comment_status":"closed","ping_status":"closed","template":"","meta":[],"yoast_head":"<!-- This site is optimized with the Yoast SEO plugin v15.2.1 - https:\/\/yoast.com\/wordpress\/plugins\/seo\/ -->\n<title>&quot;THIS BITCH&quot; VOGULE POLAND - Splat!FilmFest<\/title>\n<meta name=\"robots\" content=\"index, follow, max-snippet:-1, max-image-preview:large, max-video-preview:-1\" \/>\n<link rel=\"canonical\" href=\"https:\/\/www.archive.splatfilmfest.com\/index.php\/this-bitch-vogule-poland-2022\/\" \/>\n<meta property=\"og:locale\" content=\"pl_PL\" \/>\n<meta property=\"og:type\" content=\"article\" \/>\n<meta property=\"og:title\" content=\"&quot;THIS BITCH&quot; VOGULE POLAND - Splat!FilmFest\" \/>\n<meta property=\"og:description\" content=\"[vc_row][vc_column][\/vc_column][\/vc_row][vc_row][vc_column][film_textblock text_small=&#8221;nagroda&#8221; text_big=&#8221;THIS BITCH&#8221;][film_textblock text_big=&#8221;VOGULE POLAND&#8221;][vc_empty_space][\/vc_column][\/vc_row][vc_row][vc_column][vc_single_image image=&#8221;11602&#8243; img_size=&#8221;full&#8221; alignment=&#8221;center&#8221; onclick=&#8221;custom_link&#8221; link=&#8221;https:\/\/www.facebook.com\/vogulepoland&#8221;][vc_empty_space][\/vc_column][\/vc_row][vc_row][vc_column][vc_column_text] This Bitch Vogule Poland, czyli nagroda dla najbardziej porywaj\u0105cej (mo\u017ce kogo\u015b), niekoniecznie pozytywnej, by\u0107 mo\u017ce rozrywaj\u0105cej (si\u0119 lub innych), a na pewno ol\u015bniewaj\u0105cej postaci. Cechy? Pewno\u015b\u0107 siebie, wrodzona klasa, poczucie humoru, szczypta kampu oraz du\u017co, du\u017co uroku osobistego. To ta osoba, za kt\u00f3r\u0105 obejrzysz si\u0119 na ulicy, o kt\u00f3rej b\u0119dziesz plotkowa\u0142_a ze znajomymi, a gdy znowu co\u015b odwali, to spojrzysz na ni\u0105 z uznaniem i szepniesz z sastyfakcj\u0105: \u201eThis Bitch!&#8221; W konkursie This Bitch Vogule Poland bior\u0105 udzia\u0142 filmy pe\u0142nometra\u017cowe prezentowane w trakcie cz\u0119\u015bci online 8. Splat!FilmFest, a zwyci\u0119sk\u0105 posta\u0107 wybiera Vogule Poland. &nbsp;\" \/>\n<meta property=\"og:url\" content=\"https:\/\/www.archive.splatfilmfest.com\/index.php\/this-bitch-vogule-poland-2022\/\" \/>\n<meta property=\"og:site_name\" content=\"Splat!FilmFest\" \/>\n<meta property=\"article:publisher\" content=\"https:\/\/www.facebook.com\/splatfilmfest\" \/>\n<meta property=\"article:modified_time\" content=\"2022-11-04T12:56:51+00:00\" \/>\n<meta property=\"og:image\" content=\"https:\/\/www.archive.splatfilmfest.com\/wp-content\/uploads\/2021\/11\/vogule-poland-this-bitch.jpg\" \/>\n\t<meta property=\"og:image:width\" content=\"941\" \/>\n\t<meta property=\"og:image:height\" content=\"540\" \/>\n<meta name=\"twitter:card\" content=\"summary_large_image\" \/>\n<meta name=\"twitter:creator\" content=\"@SplatFilmFest\" \/>\n<meta name=\"twitter:site\" content=\"@SplatFilmFest\" \/>\n<meta name=\"twitter:label1\" content=\"Written by\">\n\t<meta name=\"twitter:data1\" content=\"Leokadia\">\n\t<meta name=\"twitter:label2\" content=\"Est. reading time\">\n\t<meta name=\"twitter:data2\" content=\"1 minuta\">\n<script type=\"application\/ld+json\" class=\"yoast-schema-graph\">{\"@context\":\"https:\/\/schema.org\",\"@graph\":[{\"@type\":\"WebSite\",\"@id\":\"https:\/\/www.archive.splatfilmfest.com\/#website\",\"url\":\"https:\/\/www.archive.splatfilmfest.com\/\",\"name\":\"Splat!FilmFest\",\"description\":\"\",\"potentialAction\":[{\"@type\":\"SearchAction\",\"target\":\"https:\/\/www.archive.splatfilmfest.com\/?s={search_term_string}\",\"query-input\":\"required name=search_term_string\"}],\"inLanguage\":\"pl-PL\"},{\"@type\":\"ImageObject\",\"@id\":\"https:\/\/www.archive.splatfilmfest.com\/index.php\/this-bitch-vogule-poland-2022\/#primaryimage\",\"inLanguage\":\"pl-PL\",\"url\":\"https:\/\/www.archive.splatfilmfest.com\/wp-content\/uploads\/2021\/11\/vogule-poland-this-bitch.jpg\",\"width\":941,\"height\":540},{\"@type\":\"WebPage\",\"@id\":\"https:\/\/www.archive.splatfilmfest.com\/index.php\/this-bitch-vogule-poland-2022\/#webpage\",\"url\":\"https:\/\/www.archive.splatfilmfest.com\/index.php\/this-bitch-vogule-poland-2022\/\",\"name\":\"\\\"THIS BITCH\\\" VOGULE POLAND - Splat!FilmFest\",\"isPartOf\":{\"@id\":\"https:\/\/www.archive.splatfilmfest.com\/#website\"},\"primaryImageOfPage\":{\"@id\":\"https:\/\/www.archive.splatfilmfest.com\/index.php\/this-bitch-vogule-poland-2022\/#primaryimage\"},\"datePublished\":\"2022-11-04T09:33:54+00:00\",\"dateModified\":\"2022-11-04T12:56:51+00:00\",\"inLanguage\":\"pl-PL\",\"potentialAction\":[{\"@type\":\"ReadAction\",\"target\":[\"https:\/\/www.archive.splatfilmfest.com\/index.php\/this-bitch-vogule-poland-2022\/\"]}]}]}<\/script>\n<!-- \/ Yoast SEO plugin. -->","_links":{"self":[{"href":"https:\/\/www.archive.splatfilmfest.com\/index.php\/wp-json\/wp\/v2\/pages\/13192"}],"collection":[{"href":"https:\/\/www.archive.splatfilmfest.com\/index.php\/wp-json\/wp\/v2\/pages"}],"about":[{"href":"https:\/\/www.archive.splatfilmfest.com\/index.php\/wp-json\/wp\/v2\/types\/page"}],"author":[{"embeddable":true,"href":"https:\/\/www.archive.splatfilmfest.com\/index.php\/wp-json\/wp\/v2\/users\/7"}],"replies":[{"embeddable":true,"href":"https:\/\/www.archive.splatfilmfest.com\/index.php\/wp-json\/wp\/v2\/comments?post=13192"}],"version-history":[{"count":4,"href":"https:\/\/www.archive.splatfilmfest.com\/index.php\/wp-json\/wp\/v2\/pages\/13192\/revisions"}],"predecessor-version":[{"id":13198,"href":"https:\/\/www.archive.splatfilmfest.com\/index.php\/wp-json\/wp\/v2\/pages\/13192\/revisions\/13198"}],"wp:featuredmedia":[{"embeddable":true,"href":"https:\/\/www.archive.splatfilmfest.com\/index.php\/wp-json\/wp\/v2\/media\/11602"}],"wp:attachment":[{"href":"https:\/\/www.archive.splatfilmfest.com\/index.php\/wp-json\/wp\/v2\/media?parent=13192"}],"curies":[{"name":"wp","href":"https:\/\/api.w.org\/{rel}","templated":true}]}}