{"id":12503,"date":"2022-09-25T00:33:38","date_gmt":"2022-09-24T22:33:38","guid":{"rendered":"https:\/\/www.archive.splatfilmfest.com\/?page_id=12503"},"modified":"2022-09-27T17:31:58","modified_gmt":"2022-09-27T15:31:58","slug":"cykl-najlepsze-z-najgorszych","status":"publish","type":"page","link":"https:\/\/www.archive.splatfilmfest.com\/index.php\/cykl-najlepsze-z-najgorszych\/","title":{"rendered":"cykl &#8220;NAJLEPSZE Z NAJGORSZYCH&#8221;"},"content":{"rendered":"<p>[vc_row][vc_column][vc_empty_space][vc_column_text]<em>NAJLEPSZE Z NAJGORSZYCH to evil twin festiwalu i og\u00f3lnopolski cykl film\u00f3w tak z\u0142ych, \u017ce a\u017c dobrych. W tym roku pierwszy raz go\u015bcinnie na Splat!FilmFest.<br \/>\n<\/em><\/p>\n<p>[\/vc_column_text][vc_empty_space][film_textblock text_small=&#8221;features&#8221; text_big=&#8221;cykl NAJLEPSZE Z NAJGORSZYCH&#8221;][vc_empty_space][\/vc_column][\/vc_row][vc_row][vc_column][vc_empty_space][\/vc_column][\/vc_row][vc_row][vc_column][film_video film_style=&#8221;2&#8243; film_list_id=&#8221;12283&#8243;][\/vc_column][\/vc_row]<\/p>\n","protected":false},"excerpt":{"rendered":"<p>[vc_row][vc_column][vc_empty_space][vc_column_text]NAJLEPSZE Z NAJGORSZYCH to evil twin festiwalu i og\u00f3lnopolski cykl film\u00f3w tak z\u0142ych, \u017ce a\u017c dobrych. W tym roku pierwszy raz go\u015bcinnie na Splat!FilmFest. [\/vc_column_text][vc_empty_space][film_textblock text_small=&#8221;features&#8221; text_big=&#8221;cykl NAJLEPSZE Z NAJGORSZYCH&#8221;][vc_empty_space][\/vc_column][\/vc_row][vc_row][vc_column][vc_empty_space][\/vc_column][\/vc_row][vc_row][vc_column][film_video film_style=&#8221;2&#8243; film_list_id=&#8221;12283&#8243;][\/vc_column][\/vc_row]<\/p>\n","protected":false},"author":1,"featured_media":0,"parent":0,"menu_order":0,"comment_status":"closed","ping_status":"closed","template":"","meta":[],"yoast_head":"<!-- This site is optimized with the Yoast SEO plugin v15.2.1 - https:\/\/yoast.com\/wordpress\/plugins\/seo\/ -->\n<title>cykl &quot;NAJLEPSZE Z NAJGORSZYCH&quot; - Splat!FilmFest<\/title>\n<meta name=\"robots\" content=\"index, follow, max-snippet:-1, max-image-preview:large, max-video-preview:-1\" \/>\n<link rel=\"canonical\" href=\"https:\/\/www.archive.splatfilmfest.com\/index.php\/cykl-najlepsze-z-najgorszych\/\" \/>\n<meta property=\"og:locale\" content=\"pl_PL\" \/>\n<meta property=\"og:type\" content=\"article\" \/>\n<meta property=\"og:title\" content=\"[:pl]cykl &quot;NAJLEPSZE Z NAJGORSZYCH&quot;[:en]cykl NAJLEPSZE Z NAJGORSZYCH[:] - Splat!FilmFest\" \/>\n<meta property=\"og:description\" content=\"[vc_row][vc_column][vc_empty_space][vc_column_text]NAJLEPSZE Z NAJGORSZYCH to evil twin festiwalu i og\u00f3lnopolski cykl film\u00f3w tak z\u0142ych, \u017ce a\u017c dobrych. W tym roku pierwszy raz go\u015bcinnie na Splat!FilmFest. [\/vc_column_text][vc_empty_space][film_textblock text_small=&#8221;features&#8221; text_big=&#8221;cykl NAJLEPSZE Z NAJGORSZYCH&#8221;][vc_empty_space][\/vc_column][\/vc_row][vc_row][vc_column][vc_empty_space][\/vc_column][\/vc_row][vc_row][vc_column][film_video film_style=&#8221;2&#8243; film_list_id=&#8221;12283&#8243;][\/vc_column][\/vc_row]\" \/>\n<meta property=\"og:url\" content=\"https:\/\/www.archive.splatfilmfest.com\/index.php\/cykl-najlepsze-z-najgorszych\/\" \/>\n<meta property=\"og:site_name\" content=\"Splat!FilmFest\" \/>\n<meta property=\"article:publisher\" content=\"https:\/\/www.facebook.com\/splatfilmfest\" \/>\n<meta property=\"article:modified_time\" content=\"2022-09-27T15:31:58+00:00\" \/>\n<meta name=\"twitter:card\" content=\"summary_large_image\" \/>\n<meta name=\"twitter:creator\" content=\"@SplatFilmFest\" \/>\n<meta name=\"twitter:site\" content=\"@SplatFilmFest\" \/>\n<meta name=\"twitter:label1\" content=\"Written by\">\n\t<meta name=\"twitter:data1\" content=\"admin\">\n\t<meta name=\"twitter:label2\" content=\"Est. reading time\">\n\t<meta name=\"twitter:data2\" content=\"0 minut\">\n<script type=\"application\/ld+json\" class=\"yoast-schema-graph\">{\"@context\":\"https:\/\/schema.org\",\"@graph\":[{\"@type\":\"WebSite\",\"@id\":\"https:\/\/www.archive.splatfilmfest.com\/#website\",\"url\":\"https:\/\/www.archive.splatfilmfest.com\/\",\"name\":\"Splat!FilmFest\",\"description\":\"\",\"potentialAction\":[{\"@type\":\"SearchAction\",\"target\":\"https:\/\/www.archive.splatfilmfest.com\/?s={search_term_string}\",\"query-input\":\"required name=search_term_string\"}],\"inLanguage\":\"pl-PL\"},{\"@type\":\"WebPage\",\"@id\":\"https:\/\/www.archive.splatfilmfest.com\/index.php\/cykl-najlepsze-z-najgorszych\/#webpage\",\"url\":\"https:\/\/www.archive.splatfilmfest.com\/index.php\/cykl-najlepsze-z-najgorszych\/\",\"name\":\"[:pl]cykl \\\"NAJLEPSZE Z NAJGORSZYCH\\\"[:en]cykl NAJLEPSZE Z NAJGORSZYCH[:] - Splat!FilmFest\",\"isPartOf\":{\"@id\":\"https:\/\/www.archive.splatfilmfest.com\/#website\"},\"datePublished\":\"2022-09-24T22:33:38+00:00\",\"dateModified\":\"2022-09-27T15:31:58+00:00\",\"inLanguage\":\"pl-PL\",\"potentialAction\":[{\"@type\":\"ReadAction\",\"target\":[\"https:\/\/www.archive.splatfilmfest.com\/index.php\/cykl-najlepsze-z-najgorszych\/\"]}]}]}<\/script>\n<!-- \/ Yoast SEO plugin. -->","_links":{"self":[{"href":"https:\/\/www.archive.splatfilmfest.com\/index.php\/wp-json\/wp\/v2\/pages\/12503"}],"collection":[{"href":"https:\/\/www.archive.splatfilmfest.com\/index.php\/wp-json\/wp\/v2\/pages"}],"about":[{"href":"https:\/\/www.archive.splatfilmfest.com\/index.php\/wp-json\/wp\/v2\/types\/page"}],"author":[{"embeddable":true,"href":"https:\/\/www.archive.splatfilmfest.com\/index.php\/wp-json\/wp\/v2\/users\/1"}],"replies":[{"embeddable":true,"href":"https:\/\/www.archive.splatfilmfest.com\/index.php\/wp-json\/wp\/v2\/comments?post=12503"}],"version-history":[{"count":3,"href":"https:\/\/www.archive.splatfilmfest.com\/index.php\/wp-json\/wp\/v2\/pages\/12503\/revisions"}],"predecessor-version":[{"id":12630,"href":"https:\/\/www.archive.splatfilmfest.com\/index.php\/wp-json\/wp\/v2\/pages\/12503\/revisions\/12630"}],"wp:attachment":[{"href":"https:\/\/www.archive.splatfilmfest.com\/index.php\/wp-json\/wp\/v2\/media?parent=12503"}],"curies":[{"name":"wp","href":"https:\/\/api.w.org\/{rel}","templated":true}]}}